Last updated on 2024-07-17 20:56:57 CEST.
Flavor | Version | Tinstall | Tcheck | Ttotal | Status | Flags |
---|---|---|---|---|---|---|
r-devel-linux-x86_64-debian-clang | 0.8.6 | 5.12 | 46.32 | 51.44 | OK | |
r-devel-linux-x86_64-debian-gcc | 0.8.6 | 3.29 | 35.51 | 38.80 | OK | |
r-devel-linux-x86_64-fedora-clang | 0.8.6 | 65.56 | NOTE | |||
r-devel-linux-x86_64-fedora-gcc | 0.8.6 | 61.08 | NOTE | |||
r-devel-windows-x86_64 | 0.8.6 | 6.00 | 58.00 | 64.00 | OK | |
r-patched-linux-x86_64 | 0.8.6 | 4.37 | 45.70 | 50.07 | OK | |
r-release-linux-x86_64 | 0.8.6 | 3.05 | 45.88 | 48.93 | OK | |
r-release-macos-arm64 | 0.8.6 | 25.00 | OK | |||
r-release-macos-x86_64 | 0.8.6 | 40.00 | OK | |||
r-release-windows-x86_64 | 0.8.6 | 7.00 | 59.00 | 66.00 | OK | |
r-oldrel-macos-arm64 | 0.8.6 | 23.00 | OK | |||
r-oldrel-macos-x86_64 | 0.8.6 | 34.00 | OK | |||
r-oldrel-windows-x86_64 | 0.8.6 | 7.00 | 64.00 | 71.00 | OK |
Version: 0.8.6
Check: dependencies in R code
Result: NOTE
Namespaces in Imports field not imported from:
‘RColorBrewer’ ‘ggplot2’ ‘re2’ ‘rmarkdown’ ‘shinyWidgets’
‘shinydashboard’ ‘shinyjs’
All declared Imports should be used.
Flavors: r-devel-linux-x86_64-fedora-clang, r-devel-linux-x86_64-fedora-gcc