CRAN Package Check Results for Package coronavirus

Last updated on 2025-11-02 23:49:33 CET.

Flavor Version Tinstall Tcheck Ttotal Status Flags
r-devel-linux-x86_64-debian-clang 0.4.1 13.88 47.35 61.23 NOTE
r-devel-linux-x86_64-debian-gcc 0.4.1 7.83 34.09 41.92 NOTE
r-devel-linux-x86_64-fedora-clang 0.4.1 33.00 56.65 89.65 NOTE
r-devel-linux-x86_64-fedora-gcc 0.4.1 33.00 69.52 102.52 NOTE
r-devel-windows-x86_64 0.4.1 15.00 62.00 77.00 NOTE
r-patched-linux-x86_64 0.4.1 13.84 44.64 58.48 NOTE
r-release-linux-x86_64 0.4.1 12.27 44.65 56.92 NOTE
r-release-macos-arm64 0.4.1 6.00 29.00 35.00 NOTE
r-release-macos-x86_64 0.4.1 14.00 65.00 79.00 NOTE
r-release-windows-x86_64 0.4.1 16.00 62.00 78.00 NOTE
r-oldrel-macos-arm64 0.4.1 7.00 31.00 38.00 OK
r-oldrel-macos-x86_64 0.4.1 11.00 49.00 60.00 OK
r-oldrel-windows-x86_64 0.4.1 21.00 75.00 96.00 OK

Check Details

Version: 0.4.1
Check: DESCRIPTION meta-information
Result: NOTE Missing dependency on R >= 4.1.0 because package code uses the pipe |> or function shorthand \(...) syntax added in R 4.1.0. File(s) using such syntax: ‘refresh_coronvirus.R’ Flavors: r-devel-linux-x86_64-debian-clang, r-devel-linux-x86_64-debian-gcc, r-devel-linux-x86_64-fedora-clang, r-devel-linux-x86_64-fedora-gcc, r-devel-windows-x86_64, r-patched-linux-x86_64, r-release-linux-x86_64, r-release-macos-arm64, r-release-macos-x86_64, r-release-windows-x86_64

Version: 0.4.1
Check: dependencies in R code
Result: NOTE Namespace in Imports field not imported from: ‘devtools’ All declared Imports should be used. Flavors: r-devel-linux-x86_64-fedora-clang, r-devel-linux-x86_64-fedora-gcc