Last updated on 2024-04-18 21:56:47 CEST.
Flavor | Version | Tinstall | Tcheck | Ttotal | Status | Flags |
---|---|---|---|---|---|---|
r-devel-linux-x86_64-debian-clang | 1.0.0 | 3.07 | 29.30 | 32.37 | NOTE | |
r-devel-linux-x86_64-debian-gcc | 1.0.0 | 2.38 | 21.71 | 24.09 | NOTE | |
r-devel-linux-x86_64-fedora-clang | 1.0.0 | 40.08 | NOTE | |||
r-devel-linux-x86_64-fedora-gcc | 1.0.0 | 37.54 | NOTE | |||
r-prerel-macos-arm64 | 1.0.0 | 16.00 | NOTE | |||
r-prerel-windows-x86_64 | 1.0.0 | 3.00 | 38.00 | 41.00 | NOTE | |
r-patched-linux-x86_64 | 1.0.0 | 2.65 | 27.93 | 30.58 | NOTE | |
r-release-linux-x86_64 | 1.0.0 | 2.30 | 27.88 | 30.18 | NOTE | |
r-release-macos-arm64 | 1.0.0 | 18.00 | NOTE | |||
r-release-macos-x86_64 | 1.0.0 | 23.00 | NOTE | |||
r-release-windows-x86_64 | 1.0.0 | 5.00 | 39.00 | 44.00 | NOTE | |
r-oldrel-macos-arm64 | 1.0.0 | 18.00 | NOTE | |||
r-oldrel-windows-x86_64 | 1.0.0 | 7.00 | 48.00 | 55.00 | NOTE |
Version: 1.0.0
Check: LazyData
Result: NOTE
'LazyData' is specified without a 'data' directory
Flavors: r-devel-linux-x86_64-debian-clang, r-devel-linux-x86_64-debian-gcc, r-devel-linux-x86_64-fedora-clang, r-devel-linux-x86_64-fedora-gcc, r-prerel-macos-arm64, r-prerel-windows-x86_64, r-patched-linux-x86_64, r-release-linux-x86_64, r-release-macos-arm64, r-release-macos-x86_64, r-release-windows-x86_64, r-oldrel-macos-arm64, r-oldrel-windows-x86_64