CRAN Package Check Results for Package corels

Last updated on 2022-09-24 21:50:59 CEST.

Flavor Version Tinstall Tcheck Ttotal Status Flags
r-devel-linux-x86_64-debian-clang 0.0.4 36.34 29.40 65.74 OK
r-devel-linux-x86_64-debian-gcc 0.0.4 28.46 23.30 51.76 OK
r-devel-linux-x86_64-fedora-clang 0.0.4 117.90 OK
r-devel-linux-x86_64-fedora-gcc 0.0.4 96.50 OK
r-devel-windows-x86_64 0.0.4 46.00 75.00 121.00 OK
r-patched-linux-x86_64 0.0.4 30.30 29.01 59.31 OK
r-release-linux-x86_64 0.0.4 31.76 28.30 60.06 OK
r-release-macos-arm64 0.0.4 35.00 NOTE
r-release-macos-x86_64 0.0.4 46.00 NOTE
r-release-windows-x86_64 0.0.4 48.00 78.00 126.00 OK
r-oldrel-macos-arm64 0.0.4 38.00 NOTE
r-oldrel-macos-x86_64 0.0.4 51.00 NOTE
r-oldrel-windows-ix86+x86_64 0.0.4 117.00 78.00 195.00 OK

Check Details

Version: 0.0.4
Check: installed package size
Result: NOTE
     installed size is 5.5Mb
     sub-directories of 1Mb or more:
     libs 2.7Mb
     sample_data 2.6Mb
Flavors: r-release-macos-arm64, r-release-macos-x86_64, r-oldrel-macos-arm64, r-oldrel-macos-x86_64