Last updated on 2024-04-23 20:52:00 CEST.
Flavor | Version | Tinstall | Tcheck | Ttotal | Status | Flags |
---|---|---|---|---|---|---|
r-devel-linux-x86_64-debian-clang | 0.1.1 | 45.78 | 27.74 | 73.52 | OK | |
r-devel-linux-x86_64-debian-gcc | 0.1.1 | 32.90 | 21.25 | 54.15 | OK | |
r-devel-linux-x86_64-fedora-clang | 0.1.1 | 106.85 | NOTE | |||
r-devel-linux-x86_64-fedora-gcc | 0.1.1 | 99.35 | NOTE | |||
r-prerel-macos-arm64 | 0.1.1 | 26.00 | OK | |||
r-prerel-windows-x86_64 | 0.1.1 | 36.00 | 61.00 | 97.00 | OK | |
r-patched-linux-x86_64 | 0.1.1 | 44.22 | 25.92 | 70.14 | OK | |
r-release-linux-x86_64 | 0.1.1 | 47.82 | 26.54 | 74.36 | OK | |
r-release-macos-arm64 | 0.1.1 | 28.00 | OK | |||
r-release-macos-x86_64 | 0.1.1 | 44.00 | OK | |||
r-release-windows-x86_64 | 0.1.1 | 46.00 | 67.00 | 113.00 | OK | |
r-oldrel-macos-arm64 | 0.1.1 | 28.00 | OK | |||
r-oldrel-windows-x86_64 | 0.1.1 | 42.00 | 71.00 | 113.00 | OK |
Version: 0.1.1
Check: compiled code
Result: NOTE
File ‘cord/libs/cord.so’:
Found no calls to: ‘R_registerRoutines’, ‘R_useDynamicSymbols’
It is good practice to register native routines and to disable symbol
search.
See ‘Writing portable packages’ in the ‘Writing R Extensions’ manual.
Flavors: r-devel-linux-x86_64-fedora-clang, r-devel-linux-x86_64-fedora-gcc