CRAN Package Check Results for Package convertr

Last updated on 2023-02-03 20:51:17 CET.

Flavor Version Tinstall Tcheck Ttotal Status Flags
r-devel-linux-x86_64-debian-clang 0.1 2.16 24.07 26.23 NOTE
r-devel-linux-x86_64-debian-gcc 0.1 1.58 19.09 20.67 NOTE
r-devel-linux-x86_64-fedora-clang 0.1 34.59 NOTE
r-devel-linux-x86_64-fedora-gcc 0.1 32.72 NOTE
r-devel-windows-x86_64 0.1 13.00 55.00 68.00 NOTE
r-patched-linux-x86_64 0.1 2.41 23.46 25.87 NOTE
r-release-linux-x86_64 0.1 1.91 24.38 26.29 NOTE
r-release-macos-arm64 0.1 23.00 NOTE
r-release-macos-x86_64 0.1 29.00 NOTE
r-release-windows-x86_64 0.1 14.00 56.00 70.00 NOTE
r-oldrel-macos-arm64 0.1 20.00 NOTE
r-oldrel-macos-x86_64 0.1 26.00 NOTE
r-oldrel-windows-ix86+x86_64 0.1 6.00 48.00 54.00 NOTE

Check Details

Version: 0.1
Check: LazyData
Result: NOTE
     'LazyData' is specified without a 'data' directory
Flavors: r-devel-linux-x86_64-debian-clang, r-devel-linux-x86_64-debian-gcc, r-devel-linux-x86_64-fedora-clang, r-devel-linux-x86_64-fedora-gcc, r-devel-windows-x86_64, r-patched-linux-x86_64, r-release-linux-x86_64, r-release-macos-arm64, r-release-macos-x86_64, r-release-windows-x86_64, r-oldrel-macos-arm64, r-oldrel-macos-x86_64, r-oldrel-windows-ix86+x86_64