Last updated on 2023-06-06 21:00:49 CEST.
Flavor | Version | Tinstall | Tcheck | Ttotal | Status | Flags |
---|---|---|---|---|---|---|
r-devel-linux-x86_64-debian-clang | 0.5.4 | 7.24 | 139.79 | 147.03 | OK | |
r-devel-linux-x86_64-debian-gcc | 0.5.4 | 6.13 | 105.06 | 111.19 | OK | |
r-devel-linux-x86_64-fedora-clang | 0.5.4 | 191.43 | NOTE | |||
r-devel-linux-x86_64-fedora-gcc | 0.5.4 | 182.45 | NOTE | |||
r-devel-windows-x86_64 | 0.5.4 | 9.00 | 126.00 | 135.00 | OK | |
r-patched-linux-x86_64 | 0.5.4 | 6.36 | 133.04 | 139.40 | OK | |
r-release-linux-x86_64 | 0.5.4 | 6.55 | 131.21 | 137.76 | OK | |
r-release-macos-arm64 | 0.5.4 | 63.00 | OK | |||
r-release-macos-x86_64 | 0.5.4 | 104.00 | OK | |||
r-release-windows-x86_64 | 0.5.4 | 11.00 | 160.00 | 171.00 | OK | |
r-oldrel-macos-arm64 | 0.5.4 | 53.00 | OK | |||
r-oldrel-macos-x86_64 | 0.5.4 | 101.00 | OK | |||
r-oldrel-windows-x86_64 | 0.5.4 | 11.00 | 149.00 | 160.00 | OK |
Version: 0.5.4
Check: data for non-ASCII characters
Result: NOTE
Note: found 1 marked UTF-8 string
Flavors: r-devel-linux-x86_64-fedora-clang, r-devel-linux-x86_64-fedora-gcc