CRAN Package Check Results for Package connections

Last updated on 2025-07-11 20:48:22 CEST.

Flavor Version Tinstall Tcheck Ttotal Status Flags
r-devel-linux-x86_64-debian-clang 0.2.0 5.33 44.54 49.87 NOTE
r-devel-linux-x86_64-debian-gcc 0.2.0 3.75 33.63 37.38 NOTE
r-devel-linux-x86_64-fedora-clang 0.2.0 74.98 OK
r-devel-linux-x86_64-fedora-gcc 0.2.0 70.05 OK
r-devel-windows-x86_64 0.2.0 5.00 59.00 64.00 NOTE
r-patched-linux-x86_64 0.2.0 4.78 40.81 45.59 NOTE
r-release-linux-x86_64 0.2.0 4.79 40.41 45.20 NOTE
r-release-macos-arm64 0.2.0 25.00 OK
r-release-macos-x86_64 0.2.0 51.00 OK
r-release-windows-x86_64 0.2.0 6.00 66.00 72.00 NOTE
r-oldrel-macos-arm64 0.2.0 25.00 OK
r-oldrel-macos-x86_64 0.2.0 38.00 OK
r-oldrel-windows-x86_64 0.2.0 10.00 68.00 78.00 OK

Check Details

Version: 0.2.0
Check: Rd cross-references
Result: NOTE Found the following Rd file(s) with Rd \link{} targets missing package anchors: DBI.Rd: DBIConnection-class Please provide package anchors for all Rd \link{} targets not in the package itself and the base packages. Flavors: r-devel-linux-x86_64-debian-clang, r-devel-linux-x86_64-debian-gcc, r-devel-windows-x86_64, r-patched-linux-x86_64, r-release-linux-x86_64, r-release-windows-x86_64