CRAN Package Check Results for Package conleyreg

Last updated on 2022-10-05 21:53:30 CEST.

Flavor Version Tinstall Tcheck Ttotal Status Flags
r-devel-linux-x86_64-debian-clang 0.1.7 234.19 93.77 327.96 OK
r-devel-linux-x86_64-debian-gcc 0.1.7 186.14 67.76 253.90 OK
r-devel-linux-x86_64-fedora-clang 0.1.7 516.24 NOTE
r-devel-linux-x86_64-fedora-gcc 0.1.7 456.18 NOTE
r-devel-windows-x86_64 0.1.7 172.00 138.00 310.00 OK
r-patched-linux-x86_64 0.1.7 202.84 85.11 287.95 OK
r-release-linux-x86_64 0.1.7 199.07 84.39 283.46 OK
r-release-macos-arm64 0.1.7 101.00 NOTE
r-release-macos-x86_64 0.1.7 173.00 NOTE
r-release-windows-x86_64 0.1.7 171.00 136.00 307.00 OK
r-oldrel-macos-arm64 0.1.7 87.00 NOTE
r-oldrel-macos-x86_64 0.1.7 122.00 NOTE
r-oldrel-windows-ix86+x86_64 0.1.7 560.00 152.00 712.00 OK

Check Details

Version: 0.1.7
Check: dependencies in R code
Result: NOTE
    Namespaces in Imports field not imported from:
     ‘base’ ‘lwgeom’ ‘s2’
     All declared Imports should be used.
Flavors: r-devel-linux-x86_64-fedora-clang, r-devel-linux-x86_64-fedora-gcc, r-release-macos-arm64, r-release-macos-x86_64, r-oldrel-macos-arm64, r-oldrel-macos-x86_64

Version: 0.1.7
Check: installed package size
Result: NOTE
     installed size is 11.4Mb
     sub-directories of 1Mb or more:
     libs 10.9Mb
Flavors: r-release-macos-arm64, r-release-macos-x86_64, r-oldrel-macos-arm64, r-oldrel-macos-x86_64