CRAN Package Check Results for Package conflr

Last updated on 2023-10-04 20:42:24 CEST.

Flavor Version Tinstall Tcheck Ttotal Status Flags
r-devel-linux-x86_64-debian-clang 0.1.1 4.16 35.68 39.84 NOTE
r-devel-linux-x86_64-debian-gcc 0.1.1 3.63 27.90 31.53 NOTE
r-devel-linux-x86_64-fedora-clang 0.1.1 52.74 NOTE
r-devel-linux-x86_64-fedora-gcc 0.1.1 75.43 NOTE
r-devel-windows-x86_64 0.1.1 7.00 57.00 64.00 NOTE
r-patched-linux-x86_64 0.1.1 3.23 34.45 37.68 NOTE
r-release-linux-x86_64 0.1.1 4.01 34.72 38.73 NOTE
r-release-macos-arm64 0.1.1 48.00 NOTE
r-release-macos-x86_64 0.1.1 52.00 NOTE
r-release-windows-x86_64 0.1.1 7.00 58.00 65.00 NOTE
r-oldrel-macos-arm64 0.1.1 47.00 NOTE
r-oldrel-macos-x86_64 0.1.1 71.00 NOTE
r-oldrel-windows-x86_64 0.1.1 7.00 60.00 67.00 NOTE

Check Details

Version: 0.1.1
Check: LazyData
Result: NOTE
     'LazyData' is specified without a 'data' directory
Flavors: r-devel-linux-x86_64-debian-clang, r-devel-linux-x86_64-debian-gcc, r-devel-linux-x86_64-fedora-clang, r-devel-linux-x86_64-fedora-gcc, r-devel-windows-x86_64, r-patched-linux-x86_64, r-release-linux-x86_64, r-release-macos-arm64, r-release-macos-x86_64, r-release-windows-x86_64, r-oldrel-macos-arm64, r-oldrel-macos-x86_64, r-oldrel-windows-x86_64

Version: 0.1.1
Check: dependencies in R code
Result: NOTE
    Namespace in Imports field not imported from: ‘R6’
     All declared Imports should be used.
Flavors: r-devel-linux-x86_64-fedora-clang, r-devel-linux-x86_64-fedora-gcc, r-oldrel-macos-arm64, r-oldrel-macos-x86_64