Last updated on 2025-11-19 20:49:49 CET.
| Flavor | Version | Tinstall | Tcheck | Ttotal | Status | Flags |
|---|---|---|---|---|---|---|
| r-devel-linux-x86_64-debian-clang | 1.22 | 25.96 | 35.58 | 61.54 | OK | |
| r-devel-linux-x86_64-debian-gcc | 1.22 | 20.93 | 26.98 | 47.91 | OK | |
| r-devel-linux-x86_64-fedora-clang | 1.22 | 126.00 | -17.57 | 108.43 | OK | |
| r-devel-linux-x86_64-fedora-gcc | 1.22 | 102.00 | 9.40 | 111.40 | OK | |
| r-devel-windows-x86_64 | 1.21 | 36.00 | 72.00 | 108.00 | OK | |
| r-patched-linux-x86_64 | 1.21 | 29.66 | 32.96 | 62.62 | OK | |
| r-release-linux-x86_64 | 1.21 | 28.99 | 32.78 | 61.77 | OK | |
| r-release-macos-arm64 | 1.21 | 15.00 | 5.00 | 20.00 | OK | |
| r-release-macos-x86_64 | 1.22 | 33.00 | 68.00 | 101.00 | OK | |
| r-release-windows-x86_64 | 1.21 | 34.00 | 71.00 | 105.00 | OK | |
| r-oldrel-macos-arm64 | 1.22 | 1.00 | 19.00 | 20.00 | ERROR | |
| r-oldrel-macos-x86_64 | 1.22 | 42.00 | 60.00 | 102.00 | OK | |
| r-oldrel-windows-x86_64 | 1.21 | 37.00 | 9.00 | 46.00 | ERROR |
Version: 1.22
Check: whether package can be installed
Result: ERROR
Installation failed.
Flavor: r-oldrel-macos-arm64
Version: 1.21
Check: package dependencies
Result: ERROR
Package required and available but unsuitable version: 'methods'
See section 'The DESCRIPTION file' in the 'Writing R Extensions'
manual.
Flavor: r-oldrel-windows-x86_64