Last updated on 2025-02-19 19:50:30 CET.
Flavor | Version | Tinstall | Tcheck | Ttotal | Status | Flags |
---|---|---|---|---|---|---|
r-devel-linux-x86_64-debian-clang | 1.2-3.1 | 8.42 | 70.47 | 78.89 | NOTE | |
r-devel-linux-x86_64-debian-gcc | 1.2-3.1 | 6.21 | 51.55 | 57.76 | NOTE | |
r-devel-linux-x86_64-fedora-clang | 1.2-3.1 | 124.62 | NOTE | |||
r-devel-linux-x86_64-fedora-gcc | 1.2-3.1 | 132.51 | NOTE | |||
r-devel-macos-arm64 | 1.2-3.1 | 43.00 | NOTE | |||
r-devel-macos-x86_64 | 1.2-3.1 | 86.00 | NOTE | |||
r-devel-windows-x86_64 | 1.2-3.1 | 8.00 | 96.00 | 104.00 | NOTE | |
r-patched-linux-x86_64 | 1.2-3.1 | 7.41 | 65.97 | 73.38 | NOTE | |
r-release-linux-x86_64 | 1.2-3.1 | 7.72 | 65.88 | 73.60 | NOTE | |
r-release-macos-arm64 | 1.2-3.1 | 42.00 | NOTE | |||
r-release-macos-x86_64 | 1.2-3.1 | 63.00 | NOTE | |||
r-release-windows-x86_64 | 1.2-3.1 | 8.00 | 98.00 | 106.00 | NOTE | |
r-oldrel-macos-arm64 | 1.2-3.1 | 47.00 | NOTE | |||
r-oldrel-macos-x86_64 | 1.2-3.1 | 79.00 | NOTE | |||
r-oldrel-windows-x86_64 | 1.2-3.1 | 12.00 | 103.00 | 115.00 | NOTE |
Version: 1.2-3.1
Check: Rd files
Result: NOTE
checkRd: (-1) babies.Rd:35: Escaped LaTeX specials: \&
Flavors: r-devel-linux-x86_64-debian-clang, r-devel-linux-x86_64-debian-gcc, r-devel-linux-x86_64-fedora-clang, r-devel-linux-x86_64-fedora-gcc, r-devel-macos-arm64, r-devel-macos-x86_64, r-devel-windows-x86_64, r-patched-linux-x86_64, r-release-linux-x86_64, r-release-macos-arm64, r-release-macos-x86_64, r-release-windows-x86_64, r-oldrel-macos-arm64, r-oldrel-macos-x86_64, r-oldrel-windows-x86_64