Last updated on 2025-11-22 19:50:25 CET.
| Flavor | Version | Tinstall | Tcheck | Ttotal | Status | Flags |
|---|---|---|---|---|---|---|
| r-devel-linux-x86_64-debian-clang | 0.1.6 | 2.51 | 41.06 | 43.57 | NOTE | |
| r-devel-linux-x86_64-debian-gcc | 0.1.6 | 1.87 | 31.53 | 33.40 | NOTE | |
| r-devel-linux-x86_64-fedora-clang | 0.1.6 | 62.62 | NOTE | |||
| r-devel-windows-x86_64 | 0.1.6 | 7.00 | 65.00 | 72.00 | NOTE | |
| r-patched-linux-x86_64 | 0.1.6 | 2.82 | 37.60 | 40.42 | NOTE | |
| r-release-linux-x86_64 | 0.1.6 | 2.46 | 37.30 | 39.76 | NOTE | |
| r-release-macos-arm64 | 0.1.6 | NOTE | ||||
| r-release-macos-x86_64 | 0.1.6 | 2.00 | 56.00 | 58.00 | NOTE | |
| r-release-windows-x86_64 | 0.1.6 | 5.00 | 65.00 | 70.00 | NOTE | |
| r-oldrel-macos-arm64 | 0.1.6 | NOTE | ||||
| r-oldrel-macos-x86_64 | 0.1.6 | 2.00 | 41.00 | 43.00 | NOTE | |
| r-oldrel-windows-x86_64 | 0.1.6 | 4.00 | 71.00 | 75.00 | NOTE |
Version: 0.1.6
Check: Rd files
Result: NOTE
checkRd: (-1) concstats_hhi.Rd:13: Lost braces; missing escapes or markup?
13 | value is required. Ranges from {0, 1} and often used for comparison over
| ^
Flavors: r-devel-linux-x86_64-debian-clang, r-devel-linux-x86_64-debian-gcc, r-devel-linux-x86_64-fedora-clang, r-devel-windows-x86_64, r-patched-linux-x86_64, r-release-linux-x86_64, r-release-macos-arm64, r-release-macos-x86_64, r-release-windows-x86_64, r-oldrel-macos-arm64, r-oldrel-macos-x86_64, r-oldrel-windows-x86_64