Last updated on 2023-06-05 21:59:02 CEST.
Flavor | Version | Tinstall | Tcheck | Ttotal | Status | Flags |
---|---|---|---|---|---|---|
r-devel-linux-x86_64-debian-clang | 2.0.0 | 14.23 | 69.15 | 83.38 | OK | |
r-devel-linux-x86_64-debian-gcc | 2.0.0 | 11.67 | 53.01 | 64.68 | OK | |
r-devel-linux-x86_64-fedora-clang | 2.0.0 | 108.20 | NOTE | |||
r-devel-linux-x86_64-fedora-gcc | 2.0.0 | 100.73 | NOTE | |||
r-devel-windows-x86_64 | 2.0.0 | 15.00 | 89.00 | 104.00 | OK | |
r-patched-linux-x86_64 | 2.0.0 | 11.85 | 65.16 | 77.01 | OK | |
r-release-linux-x86_64 | 2.0.0 | 10.52 | 64.77 | 75.29 | OK | |
r-release-macos-arm64 | 2.0.0 | 35.00 | OK | |||
r-release-macos-x86_64 | 2.0.0 | 55.00 | OK | |||
r-release-windows-x86_64 | 2.0.0 | 16.00 | 95.00 | 111.00 | OK | |
r-oldrel-macos-arm64 | 2.0.0 | 33.00 | NOTE | |||
r-oldrel-macos-x86_64 | 2.0.0 | 69.00 | NOTE | |||
r-oldrel-windows-x86_64 | 2.0.0 | 17.00 | 84.00 | 101.00 | OK |
Version: 2.0.0
Check: data for non-ASCII characters
Result: NOTE
Note: found 92 marked UTF-8 strings
Flavors: r-devel-linux-x86_64-fedora-clang, r-devel-linux-x86_64-fedora-gcc, r-oldrel-macos-arm64, r-oldrel-macos-x86_64