Last updated on 2025-02-06 19:49:20 CET.
Flavor | Version | Tinstall | Tcheck | Ttotal | Status | Flags |
---|---|---|---|---|---|---|
r-devel-linux-x86_64-debian-clang | 1.0.0 | 13.82 | 30.36 | 44.18 | NOTE | |
r-devel-linux-x86_64-debian-gcc | 1.0.0 | 10.08 | 26.16 | 36.24 | NOTE | |
r-devel-linux-x86_64-fedora-clang | 1.0.0 | 79.84 | NOTE | |||
r-devel-linux-x86_64-fedora-gcc | 1.0.0 | 75.36 | NOTE | |||
r-devel-windows-x86_64 | 1.0.0 | 19.00 | 67.00 | 86.00 | NOTE | |
r-patched-linux-x86_64 | 1.0.0 | 13.91 | 30.28 | 44.19 | NOTE | |
r-release-linux-x86_64 | 1.0.0 | 15.10 | 30.44 | 45.54 | NOTE | |
r-release-macos-arm64 | 1.0.0 | 25.00 | NOTE | |||
r-release-macos-x86_64 | 1.0.0 | 36.00 | NOTE | |||
r-release-windows-x86_64 | 1.0.0 | 19.00 | 70.00 | 89.00 | NOTE | |
r-oldrel-macos-arm64 | 1.0.0 | 30.00 | NOTE | |||
r-oldrel-macos-x86_64 | 1.0.0 | 41.00 | NOTE | |||
r-oldrel-windows-x86_64 | 1.0.0 | 24.00 | 76.00 | 100.00 | NOTE |
Version: 1.0.0
Check: C++ specification
Result: NOTE
Specified C++11: please drop specification unless essential
Flavors: r-devel-linux-x86_64-debian-clang, r-devel-linux-x86_64-debian-gcc, r-devel-linux-x86_64-fedora-clang, r-devel-linux-x86_64-fedora-gcc, r-devel-windows-x86_64, r-patched-linux-x86_64, r-release-linux-x86_64, r-release-macos-arm64, r-release-macos-x86_64, r-release-windows-x86_64, r-oldrel-macos-arm64, r-oldrel-macos-x86_64, r-oldrel-windows-x86_64