Last updated on 2024-04-23 20:52:00 CEST.
Flavor | Version | Tinstall | Tcheck | Ttotal | Status | Flags |
---|---|---|---|---|---|---|
r-devel-linux-x86_64-debian-clang | 1.0.0 | 25.21 | 39.32 | 64.53 | NOTE | |
r-devel-linux-x86_64-debian-gcc | 1.0.0 | 18.72 | 31.02 | 49.74 | NOTE | |
r-devel-linux-x86_64-fedora-clang | 1.0.0 | 92.06 | NOTE | |||
r-devel-linux-x86_64-fedora-gcc | 1.0.0 | 91.92 | NOTE | |||
r-prerel-macos-arm64 | 1.0.0 | 25.00 | NOTE | |||
r-prerel-windows-x86_64 | 1.0.0 | 25.00 | 66.00 | 91.00 | NOTE | |
r-patched-linux-x86_64 | 1.0.0 | 22.99 | 38.31 | 61.30 | NOTE | |
r-release-linux-x86_64 | 1.0.0 | 22.27 | 38.68 | 60.95 | NOTE | |
r-release-macos-arm64 | 1.0.0 | 30.00 | NOTE | |||
r-release-macos-x86_64 | 1.0.0 | 41.00 | NOTE | |||
r-release-windows-x86_64 | 1.0.0 | 29.00 | 76.00 | 105.00 | NOTE | |
r-oldrel-macos-arm64 | 1.0.0 | 27.00 | OK | |||
r-oldrel-windows-x86_64 | 1.0.0 | 29.00 | 77.00 | 106.00 | OK |
Version: 1.0.0
Check: C++ specification
Result: NOTE
Specified C++11: please drop specification unless essential
Flavors: r-devel-linux-x86_64-debian-clang, r-devel-linux-x86_64-debian-gcc, r-devel-linux-x86_64-fedora-clang, r-devel-linux-x86_64-fedora-gcc, r-prerel-macos-arm64, r-prerel-windows-x86_64, r-patched-linux-x86_64, r-release-linux-x86_64, r-release-macos-arm64, r-release-macos-x86_64, r-release-windows-x86_64