Last updated on 2025-05-03 21:51:13 CEST.
Flavor | Version | Tinstall | Tcheck | Ttotal | Status | Flags |
---|---|---|---|---|---|---|
r-devel-linux-x86_64-debian-clang | 1.1 | 2.54 | 20.86 | 23.40 | NOTE | |
r-devel-linux-x86_64-debian-gcc | 1.1 | 1.90 | 16.53 | 18.43 | NOTE | |
r-devel-linux-x86_64-fedora-clang | 1.1 | 37.52 | OK | |||
r-devel-linux-x86_64-fedora-gcc | 1.1 | 35.24 | OK | |||
r-devel-windows-x86_64 | 1.1 | 4.00 | 37.00 | 41.00 | OK | |
r-patched-linux-x86_64 | 1.1 | 2.82 | 19.98 | 22.80 | OK | |
r-release-linux-x86_64 | OK | |||||
r-release-macos-arm64 | 1.1 | 16.00 | OK | |||
r-release-macos-x86_64 | 1.1 | 24.00 | OK | |||
r-release-windows-x86_64 | 1.1 | 3.00 | 39.00 | 42.00 | OK | |
r-oldrel-macos-arm64 | 1.1 | 19.00 | OK | |||
r-oldrel-macos-x86_64 | 1.1 | 22.00 | OK | |||
r-oldrel-windows-x86_64 | 1.1 | 4.00 | 38.00 | 42.00 | OK |
Version: 1.1
Check: CRAN incoming feasibility
Result: NOTE
Maintainer: ‘Tran Khanh Hiep <hieptkse03059@fpt.edu.vn>’
No Authors@R field in DESCRIPTION.
Please add one, modifying
Authors@R: c(person(given = c("Tran", "Khanh"),
family = "Hiep",
role = c("aut", "cre"),
email = "hieptkse03059@fpt.edu.vn"),
person(given = c("Nguyen", "Minh"),
family = "Duc",
role = "aut"))
as necessary.
File 'R/conclust-internal.R' sets .Random.seed.
This is usually neither needed nor wanted.
Flavors: r-devel-linux-x86_64-debian-clang, r-devel-linux-x86_64-debian-gcc