CRAN Package Check Results for Package completejourney

Last updated on 2022-10-07 21:51:02 CEST.

Flavor Version Tinstall Tcheck Ttotal Status Flags
r-devel-linux-x86_64-debian-clang 1.1.0 12.96 61.56 74.52 OK
r-devel-linux-x86_64-debian-gcc 1.1.0 9.82 46.87 56.69 OK
r-devel-linux-x86_64-fedora-clang 1.1.0 105.49 OK
r-devel-linux-x86_64-fedora-gcc 1.1.0 97.96 OK
r-devel-windows-x86_64 1.1.0 41.00 95.00 136.00 OK
r-patched-linux-x86_64 1.1.0 12.39 58.40 70.79 OK
r-release-linux-x86_64 1.1.0 12.87 58.94 71.81 OK
r-release-macos-arm64 1.1.0 35.00 NOTE
r-release-macos-x86_64 1.1.0 62.00 OK
r-release-windows-x86_64 1.1.0 37.00 93.00 130.00 OK
r-oldrel-macos-arm64 1.1.0 41.00 NOTE
r-oldrel-macos-x86_64 1.1.0 64.00 OK
r-oldrel-windows-ix86+x86_64 1.1.0 27.00 84.00 111.00 OK

Check Details

Version: 1.1.0
Check: installed package size
Result: NOTE
     installed size is 5.2Mb
     sub-directories of 1Mb or more:
     data 4.9Mb
Flavors: r-release-macos-arm64, r-oldrel-macos-arm64