Last updated on 2024-04-19 20:56:34 CEST.
Flavor | Version | Tinstall | Tcheck | Ttotal | Status | Flags |
---|---|---|---|---|---|---|
r-devel-linux-x86_64-debian-clang | 2.0.0 | 50.16 | 52.37 | 102.53 | NOTE | |
r-devel-linux-x86_64-debian-gcc | 2.0.0 | NOTE | ||||
r-devel-linux-x86_64-fedora-clang | 2.0.0 | 139.88 | NOTE | |||
r-devel-linux-x86_64-fedora-gcc | 2.0.0 | 152.32 | NOTE | |||
r-prerel-macos-arm64 | 2.0.0 | 37.00 | NOTE | |||
r-prerel-windows-x86_64 | 2.0.0 | 37.00 | 80.00 | 117.00 | NOTE | |
r-patched-linux-x86_64 | 2.0.0 | 45.04 | 64.90 | 109.94 | NOTE | |
r-release-linux-x86_64 | 2.0.0 | 47.30 | 68.34 | 115.64 | NOTE | |
r-release-macos-arm64 | 2.0.0 | 38.00 | NOTE | |||
r-release-macos-x86_64 | 2.0.0 | 68.00 | NOTE | |||
r-release-windows-x86_64 | 2.0.0 | 45.00 | 93.00 | 138.00 | NOTE | |
r-oldrel-macos-arm64 | 2.0.0 | 36.00 | OK | |||
r-oldrel-windows-x86_64 | 2.0.0 | 46.00 | 91.00 | 137.00 | OK |
Version: 2.0.0
Check: C++ specification
Result: NOTE
Specified C++11: please drop specification unless essential
Flavors: r-devel-linux-x86_64-debian-clang, r-devel-linux-x86_64-debian-gcc, r-devel-linux-x86_64-fedora-clang, r-devel-linux-x86_64-fedora-gcc, r-prerel-macos-arm64, r-prerel-windows-x86_64, r-patched-linux-x86_64, r-release-linux-x86_64, r-release-macos-arm64, r-release-macos-x86_64, r-release-windows-x86_64