Last updated on 2025-02-16 20:50:31 CET.
Flavor | Version | Tinstall | Tcheck | Ttotal | Status | Flags |
---|---|---|---|---|---|---|
r-devel-linux-x86_64-debian-clang | 0.1.1 | 1.79 | 19.72 | 21.51 | NOTE | |
r-devel-linux-x86_64-debian-gcc | 0.1.1 | 1.51 | 15.96 | 17.47 | NOTE | |
r-devel-linux-x86_64-fedora-clang | 0.1.1 | 36.35 | NOTE | |||
r-devel-linux-x86_64-fedora-gcc | 0.1.1 | 32.69 | NOTE | |||
r-devel-macos-arm64 | 0.1.1 | 16.00 | NOTE | |||
r-devel-macos-x86_64 | 0.1.1 | 29.00 | NOTE | |||
r-devel-windows-x86_64 | 0.1.1 | 3.00 | 43.00 | 46.00 | NOTE | |
r-patched-linux-x86_64 | 0.1.1 | 1.76 | 18.69 | 20.45 | NOTE | |
r-release-linux-x86_64 | 0.1.1 | 1.67 | 18.99 | 20.66 | NOTE | |
r-release-macos-arm64 | 0.1.1 | 21.00 | NOTE | |||
r-release-macos-x86_64 | 0.1.1 | 29.00 | NOTE | |||
r-release-windows-x86_64 | 0.1.1 | 3.00 | 44.00 | 47.00 | NOTE | |
r-oldrel-macos-arm64 | 0.1.1 | 16.00 | NOTE | |||
r-oldrel-macos-x86_64 | 0.1.1 | 22.00 | NOTE | |||
r-oldrel-windows-x86_64 | 0.1.1 | 4.00 | 41.00 | 45.00 | NOTE |
Version: 0.1.1
Check: dependencies in R code
Result: NOTE
Unexported object imported by a ':::' call: ‘crayon:::mypaste’
See the note in ?`:::` about the use of this operator.
Flavors: r-devel-linux-x86_64-debian-clang, r-devel-linux-x86_64-debian-gcc, r-devel-linux-x86_64-fedora-clang, r-devel-linux-x86_64-fedora-gcc, r-devel-macos-arm64, r-devel-macos-x86_64, r-devel-windows-x86_64, r-patched-linux-x86_64, r-release-linux-x86_64, r-release-macos-arm64, r-release-macos-x86_64, r-release-windows-x86_64, r-oldrel-macos-arm64, r-oldrel-macos-x86_64, r-oldrel-windows-x86_64