Last updated on 2024-07-17 20:56:57 CEST.
Flavor | Version | Tinstall | Tcheck | Ttotal | Status | Flags |
---|---|---|---|---|---|---|
r-devel-linux-x86_64-debian-clang | 0.1.4 | 2.91 | 35.30 | 38.21 | NOTE | |
r-devel-linux-x86_64-debian-gcc | 0.1.4 | 2.13 | 27.22 | 29.35 | NOTE | |
r-devel-linux-x86_64-fedora-clang | 0.1.4 | 46.92 | NOTE | |||
r-devel-linux-x86_64-fedora-gcc | 0.1.4 | 50.09 | NOTE | |||
r-devel-windows-x86_64 | 0.1.4 | 4.00 | 46.00 | 50.00 | NOTE | |
r-patched-linux-x86_64 | 0.1.4 | 2.93 | 34.99 | 37.92 | NOTE | |
r-release-linux-x86_64 | 0.1.4 | 2.19 | 33.99 | 36.18 | NOTE | |
r-release-macos-arm64 | 0.1.4 | 20.00 | NOTE | |||
r-release-macos-x86_64 | 0.1.4 | 28.00 | NOTE | |||
r-release-windows-x86_64 | 0.1.4 | 4.00 | 48.00 | 52.00 | NOTE | |
r-oldrel-macos-arm64 | 0.1.4 | 20.00 | NOTE | |||
r-oldrel-macos-x86_64 | 0.1.4 | 28.00 | NOTE | |||
r-oldrel-windows-x86_64 | 0.1.4 | 4.00 | 49.00 | 53.00 | NOTE |
Version: 0.1.4
Check: LazyData
Result: NOTE
'LazyData' is specified without a 'data' directory
Flavors: r-devel-linux-x86_64-debian-clang, r-devel-linux-x86_64-debian-gcc, r-devel-linux-x86_64-fedora-clang, r-devel-linux-x86_64-fedora-gcc, r-devel-windows-x86_64, r-patched-linux-x86_64, r-release-linux-x86_64, r-release-macos-arm64, r-release-macos-x86_64, r-release-windows-x86_64, r-oldrel-macos-arm64, r-oldrel-macos-x86_64, r-oldrel-windows-x86_64