CRAN Package Check Results for Package collidr

Last updated on 2022-09-26 21:52:54 CEST.

Flavor Version Tinstall Tcheck Ttotal Status Flags
r-devel-linux-x86_64-debian-clang 0.1.3 9.36 61.98 71.34 OK
r-devel-linux-x86_64-debian-gcc 0.1.3 7.08 47.85 54.93 OK
r-devel-linux-x86_64-fedora-clang 0.1.3 98.20 NOTE
r-devel-linux-x86_64-fedora-gcc 0.1.3 97.66 NOTE
r-devel-windows-x86_64 0.1.3 15.00 89.00 104.00 OK
r-patched-linux-x86_64 0.1.3 7.07 58.58 65.65 OK
r-release-linux-x86_64 0.1.3 8.75 58.67 67.42 OK
r-release-macos-arm64 0.1.3 29.00 NOTE
r-release-macos-x86_64 0.1.3 61.00 NOTE
r-release-windows-x86_64 0.1.3 13.00 93.00 106.00 OK
r-oldrel-macos-arm64 0.1.3 35.00 NOTE
r-oldrel-macos-x86_64 0.1.3 58.00 NOTE
r-oldrel-windows-ix86+x86_64 0.1.3 18.00 84.00 102.00 OK

Check Details

Version: 0.1.3
Check: data for non-ASCII characters
Result: NOTE
     Note: found 4186 marked UTF-8 strings
Flavors: r-devel-linux-x86_64-fedora-clang, r-devel-linux-x86_64-fedora-gcc, r-release-macos-arm64, r-release-macos-x86_64, r-oldrel-macos-arm64, r-oldrel-macos-x86_64