CRAN Package Check Results for Package collateral

Last updated on 2024-06-12 20:58:51 CEST.

Flavor Version Tinstall Tcheck Ttotal Status Flags
r-devel-linux-x86_64-debian-clang 0.5.2 4.66 54.63 59.29 OK
r-devel-linux-x86_64-debian-gcc 0.5.2 0.27 1.67 1.94 ERROR
r-devel-linux-x86_64-fedora-clang 0.5.2 75.71 OK
r-devel-linux-x86_64-fedora-gcc 0.5.2 82.37 OK
r-devel-windows-x86_64 0.5.2 5.00 74.00 79.00 OK
r-patched-linux-x86_64 0.5.2 3.89 52.58 56.47 OK
r-release-linux-x86_64 0.5.2 3.20 52.58 55.78 OK
r-release-macos-arm64 0.5.2 30.00 OK
r-release-macos-x86_64 0.5.2 47.00 OK
r-release-windows-x86_64 0.5.2 5.00 62.00 67.00 OK
r-oldrel-macos-arm64 0.5.2 29.00 OK
r-oldrel-macos-x86_64 0.5.2 41.00 OK
r-oldrel-windows-x86_64 0.5.2 5.00 68.00 73.00 OK

Check Details

Version: 0.5.2
Check: package dependencies
Result: ERROR Packages required but not available: 'purrr', 'pillar' Packages suggested but not available for checking: 'dplyr', 'tibble', 'tidyr', 'furrr', 'ggplot2', 'testthat' See section ‘The DESCRIPTION file’ in the ‘Writing R Extensions’ manual. Flavor: r-devel-linux-x86_64-debian-gcc