Last updated on 2024-04-18 21:56:47 CEST.
Flavor | Version | Tinstall | Tcheck | Ttotal | Status | Flags |
---|---|---|---|---|---|---|
r-devel-linux-x86_64-debian-clang | 0.9.3 | 9.16 | 96.06 | 105.22 | NOTE | |
r-devel-linux-x86_64-debian-gcc | 0.9.3 | 7.20 | 70.28 | 77.48 | NOTE | |
r-devel-linux-x86_64-fedora-clang | 0.9.3 | 130.14 | NOTE | |||
r-devel-linux-x86_64-fedora-gcc | 0.9.3 | 143.64 | NOTE | |||
r-prerel-macos-arm64 | 0.9.3 | 37.00 | NOTE | |||
r-prerel-macos-x86_64 | 0.9.3 | 64.00 | NOTE | |||
r-prerel-windows-x86_64 | 0.9.3 | 10.00 | 92.00 | 102.00 | NOTE | |
r-patched-linux-x86_64 | 0.9.3 | 8.87 | 92.10 | 100.97 | NOTE | |
r-release-linux-x86_64 | 0.9.3 | 5.90 | 91.41 | 97.31 | NOTE | |
r-release-macos-arm64 | 0.9.3 | 39.00 | NOTE | |||
r-release-macos-x86_64 | 0.9.3 | 54.00 | NOTE | |||
r-release-windows-x86_64 | 0.9.3 | 12.00 | 110.00 | 122.00 | NOTE | |
r-oldrel-macos-arm64 | 0.9.3 | 44.00 | OK | |||
r-oldrel-windows-x86_64 | 0.9.3 | 12.00 | 111.00 | 123.00 | OK |
Version: 0.9.3
Check: package subdirectories
Result: NOTE
Problems with news in ‘NEWS.md’:
No news entries found.
Flavors: r-devel-linux-x86_64-debian-clang, r-devel-linux-x86_64-debian-gcc, r-devel-linux-x86_64-fedora-clang, r-devel-linux-x86_64-fedora-gcc, r-prerel-macos-arm64, r-prerel-macos-x86_64, r-prerel-windows-x86_64, r-patched-linux-x86_64, r-release-linux-x86_64, r-release-macos-arm64, r-release-macos-x86_64, r-release-windows-x86_64
Version: 0.9.3
Check: package dependencies
Result: NOTE
Package suggested but not available for checking: ‘car’
Flavor: r-release-macos-x86_64