Last updated on 2023-06-08 21:52:03 CEST.
Flavor | Version | Tinstall | Tcheck | Ttotal | Status | Flags |
---|---|---|---|---|---|---|
r-devel-linux-x86_64-debian-clang | 0.9.3 | 8.68 | 94.85 | 103.53 | NOTE | |
r-devel-linux-x86_64-debian-gcc | 0.9.3 | 6.73 | 71.43 | 78.16 | NOTE | |
r-devel-linux-x86_64-fedora-clang | 0.9.3 | 138.44 | NOTE | |||
r-devel-linux-x86_64-fedora-gcc | 0.9.3 | 126.23 | NOTE | |||
r-devel-windows-x86_64 | 0.9.3 | 11.00 | 91.00 | 102.00 | NOTE | |
r-patched-linux-x86_64 | 0.9.3 | 9.56 | 88.67 | 98.23 | NOTE | |
r-release-linux-x86_64 | 0.9.3 | 8.37 | 88.85 | 97.22 | NOTE | |
r-release-macos-arm64 | 0.9.3 | 39.00 | NOTE | |||
r-release-macos-x86_64 | 0.9.3 | 54.00 | NOTE | |||
r-release-windows-x86_64 | 0.9.3 | 11.00 | 114.00 | 125.00 | NOTE | |
r-oldrel-macos-arm64 | 0.9.3 | 44.00 | OK | |||
r-oldrel-macos-x86_64 | 0.9.3 | 87.00 | OK | |||
r-oldrel-windows-x86_64 | 0.9.3 | 12.00 | 115.00 | 127.00 | OK |
Version: 0.9.3
Check: package subdirectories
Result: NOTE
Problems with news in ‘NEWS.md’:
No news entries found.
Flavors: r-devel-linux-x86_64-debian-clang, r-devel-linux-x86_64-debian-gcc, r-devel-linux-x86_64-fedora-clang, r-devel-linux-x86_64-fedora-gcc, r-devel-windows-x86_64, r-patched-linux-x86_64, r-release-linux-x86_64, r-release-macos-arm64, r-release-macos-x86_64, r-release-windows-x86_64
Version: 0.9.3
Check: package dependencies
Result: NOTE
Package suggested but not available for checking: ‘car’
Flavor: r-release-macos-x86_64