Last updated on 2023-03-26 20:49:41 CEST.
Flavor | Version | Tinstall | Tcheck | Ttotal | Status | Flags |
---|---|---|---|---|---|---|
r-devel-linux-x86_64-debian-clang | 0.9.2 | 8.31 | 202.36 | 210.67 | NOTE | |
r-devel-linux-x86_64-debian-gcc | 0.9.2 | 6.53 | 151.84 | 158.37 | NOTE | |
r-devel-linux-x86_64-fedora-gcc | 0.9.2 | 287.18 | NOTE | |||
r-patched-linux-x86_64 | 0.9.2 | 5.74 | 193.27 | 199.01 | NOTE | |
r-release-linux-x86_64 | 0.9.2 | 6.67 | 194.23 | 200.90 | NOTE | |
r-release-macos-arm64 | 0.9.2 | 91.00 | NOTE | |||
r-release-macos-x86_64 | 0.9.2 | 142.00 | NOTE | |||
r-release-windows-x86_64 | 0.9.2 | 59.00 | 275.00 | 334.00 | NOTE | |
r-oldrel-macos-arm64 | 0.9.2 | 331.00 | NOTE | |||
r-oldrel-macos-x86_64 | 0.9.2 | 130.00 | NOTE | |||
r-oldrel-windows-ix86+x86_64 | 0.9.2 | 17.00 | 272.00 | 289.00 | NOTE |
Version: 0.9.2
Check: package dependencies
Result: NOTE
Package suggested but not available for checking: ‘userfriendlyscience’
Flavors: r-devel-linux-x86_64-debian-clang, r-devel-linux-x86_64-debian-gcc, r-devel-linux-x86_64-fedora-gcc, r-patched-linux-x86_64, r-release-linux-x86_64, r-release-macos-arm64, r-release-macos-x86_64, r-release-windows-x86_64, r-oldrel-macos-arm64, r-oldrel-macos-x86_64
Version: 0.9.2
Check: dependencies in R code
Result: NOTE
Namespaces in Imports field not imported from:
‘graphics’ ‘jsonlite’ ‘rlang’ ‘tidyselect’ ‘vctrs’
All declared Imports should be used.
Flavors: r-devel-linux-x86_64-fedora-gcc, r-release-macos-arm64, r-release-macos-x86_64, r-oldrel-macos-arm64, r-oldrel-macos-x86_64
Version: 0.9.2
Check: data for non-ASCII characters
Result: NOTE
Note: found 65 marked UTF-8 strings
Flavors: r-devel-linux-x86_64-fedora-gcc, r-release-macos-arm64, r-release-macos-x86_64, r-oldrel-macos-arm64, r-oldrel-macos-x86_64
Version: 0.9.2
Check: dependencies in R code
Result: NOTE
Initiating curl with CURL_SSL_BACKEND: openssl
Flavor: r-oldrel-windows-ix86+x86_64