Last updated on 2024-03-27 19:56:47 CET.
Flavor | Version | Tinstall | Tcheck | Ttotal | Status | Flags |
---|---|---|---|---|---|---|
r-devel-linux-x86_64-debian-clang | 0.1.3 | 2.24 | 27.25 | 29.49 | OK | |
r-devel-linux-x86_64-debian-gcc | 0.1.3 | 2.56 | 20.76 | 23.32 | OK | |
r-devel-linux-x86_64-fedora-clang | 0.1.3 | 37.96 | NOTE | |||
r-devel-linux-x86_64-fedora-gcc | 0.1.3 | 36.63 | NOTE | |||
r-devel-windows-x86_64 | 0.1.3 | 6.00 | 43.00 | 49.00 | OK | |
r-patched-linux-x86_64 | 0.1.3 | 3.24 | 26.38 | 29.62 | OK | |
r-release-linux-x86_64 | 0.1.3 | 2.82 | 26.42 | 29.24 | OK | |
r-release-macos-arm64 | 0.1.3 | 20.00 | OK | |||
r-release-macos-x86_64 | 0.1.3 | 23.00 | OK | |||
r-release-windows-x86_64 | 0.1.3 | 6.00 | 44.00 | 50.00 | OK | |
r-oldrel-macos-arm64 | 0.1.3 | 19.00 | OK | |||
r-oldrel-windows-x86_64 | 0.1.3 | 7.00 | 49.00 | 56.00 | OK |
Version: 0.1.3
Check: data for non-ASCII characters
Result: NOTE
Note: found 30244 marked UTF-8 strings
Flavors: r-devel-linux-x86_64-fedora-clang, r-devel-linux-x86_64-fedora-gcc