CRAN Package Check Results for Package cocktailApp

Last updated on 2022-11-25 19:49:48 CET.

Flavor Version Tinstall Tcheck Ttotal Status Flags
r-devel-linux-x86_64-debian-clang 0.2.2 9.76 123.79 133.55 OK
r-devel-linux-x86_64-debian-gcc 0.2.2 7.54 91.48 99.02 OK
r-devel-linux-x86_64-fedora-clang 0.2.2 180.00 NOTE
r-devel-linux-x86_64-fedora-gcc 0.2.2 199.60 NOTE
r-devel-windows-x86_64 0.2.2 20.00 148.00 168.00 OK
r-patched-linux-x86_64 0.2.2 OK
r-release-linux-x86_64 0.2.2 9.49 116.65 126.14 OK
r-release-macos-arm64 0.2.2 46.00 NOTE
r-release-macos-x86_64 0.2.2 93.00 NOTE
r-release-windows-x86_64 0.2.2 19.00 152.00 171.00 OK
r-oldrel-macos-arm64 0.2.2 56.00 NOTE
r-oldrel-macos-x86_64 0.2.2 87.00 NOTE
r-oldrel-windows-ix86+x86_64 0.2.2 23.00 144.00 167.00 OK

Check Details

Version: 0.2.2
Check: data for non-ASCII characters
Result: NOTE
     Note: found 14729 marked UTF-8 strings
Flavors: r-devel-linux-x86_64-fedora-clang, r-devel-linux-x86_64-fedora-gcc, r-release-macos-arm64, r-release-macos-x86_64, r-oldrel-macos-arm64, r-oldrel-macos-x86_64