Last updated on 2024-04-18 21:56:47 CEST.
Flavor | Version | Tinstall | Tcheck | Ttotal | Status | Flags |
---|---|---|---|---|---|---|
r-devel-linux-x86_64-debian-clang | 0.2.3 | 7.89 | 136.53 | 144.42 | OK | |
r-devel-linux-x86_64-debian-gcc | 0.2.3 | 7.40 | 97.25 | 104.65 | OK | |
r-devel-linux-x86_64-fedora-clang | 0.2.3 | 178.93 | NOTE | |||
r-devel-linux-x86_64-fedora-gcc | 0.2.3 | 200.33 | NOTE | |||
r-prerel-macos-arm64 | 0.2.3 | 53.00 | OK | |||
r-prerel-windows-x86_64 | 0.2.3 | 11.00 | 105.00 | 116.00 | OK | |
r-patched-linux-x86_64 | 0.2.3 | 7.78 | 130.47 | 138.25 | OK | |
r-release-linux-x86_64 | 0.2.3 | 9.13 | 131.82 | 140.95 | OK | |
r-release-macos-arm64 | 0.2.3 | 47.00 | OK | |||
r-release-macos-x86_64 | 0.2.3 | 129.00 | OK | |||
r-release-windows-x86_64 | 0.2.3 | 13.00 | 129.00 | 142.00 | OK | |
r-oldrel-macos-arm64 | 0.2.3 | 51.00 | OK | |||
r-oldrel-windows-x86_64 | 0.2.3 | 13.00 | 139.00 | 152.00 | OK |
Version: 0.2.3
Check: data for non-ASCII characters
Result: NOTE
Note: found 14729 marked UTF-8 strings
Flavors: r-devel-linux-x86_64-fedora-clang, r-devel-linux-x86_64-fedora-gcc