CRAN Package Check Results for Package cmrutils

Last updated on 2025-05-09 20:49:46 CEST.

Flavor Version Tinstall Tcheck Ttotal Status Flags
r-devel-linux-x86_64-debian-clang 1.3.1 1.91 19.36 21.27 NOTE
r-devel-linux-x86_64-debian-gcc 1.3.1 1.48 15.87 17.35 NOTE
r-devel-linux-x86_64-fedora-clang 1.3.1 33.43 OK
r-devel-linux-x86_64-fedora-gcc 1.3.1 31.86 OK
r-devel-windows-x86_64 1.3.1 3.00 42.00 45.00 OK
r-patched-linux-x86_64 1.3.1 1.73 18.83 20.56 OK
r-release-linux-x86_64 1.3.1 1.65 18.72 20.37 OK
r-release-macos-arm64 1.3.1 17.00 OK
r-release-macos-x86_64 1.3.1 34.00 OK
r-release-windows-x86_64 1.3.1 3.00 43.00 46.00 OK
r-oldrel-macos-arm64 1.3.1 20.00 OK
r-oldrel-macos-x86_64 1.3.1 28.00 OK
r-oldrel-windows-x86_64 1.3.1 3.00 46.00 49.00 OK

Additional issues

donttest

Check Details

Version: 1.3.1
Check: CRAN incoming feasibility
Result: NOTE Maintainer: ‘Andrey Paramonov <paramon@acdlabs.ru>’ No Authors@R field in DESCRIPTION. Please add one, modifying Authors@R: person(given = "Andrey", family = "Paramonov", role = c("aut", "cre"), email = "paramon@acdlabs.ru") as necessary. Flavors: r-devel-linux-x86_64-debian-clang, r-devel-linux-x86_64-debian-gcc