Last updated on 2024-07-17 20:56:56 CEST.
Flavor | Version | Tinstall | Tcheck | Ttotal | Status | Flags |
---|---|---|---|---|---|---|
r-devel-linux-x86_64-debian-clang | 0.9.2 | 9.92 | 77.03 | 86.95 | NOTE | |
r-devel-linux-x86_64-debian-gcc | 0.9.2 | 7.12 | 56.98 | 64.10 | NOTE | |
r-devel-linux-x86_64-fedora-clang | 0.9.2 | 104.56 | NOTE | |||
r-devel-linux-x86_64-fedora-gcc | 0.9.2 | 106.77 | NOTE | |||
r-devel-windows-x86_64 | 0.9.2 | 11.00 | 74.00 | 85.00 | NOTE | |
r-patched-linux-x86_64 | 0.9.2 | 8.28 | 72.94 | 81.22 | NOTE | |
r-release-linux-x86_64 | 0.9.2 | 9.78 | 70.58 | 80.36 | NOTE | |
r-release-macos-arm64 | 0.9.2 | 33.00 | NOTE | |||
r-release-macos-x86_64 | 0.9.2 | 49.00 | NOTE | |||
r-release-windows-x86_64 | 0.9.2 | 10.00 | 74.00 | 84.00 | NOTE | |
r-oldrel-macos-arm64 | 0.9.2 | 36.00 | NOTE | |||
r-oldrel-macos-x86_64 | 0.9.2 | 60.00 | NOTE | |||
r-oldrel-windows-x86_64 | 0.9.2 | 14.00 | 85.00 | 99.00 | NOTE |
Version: 0.9.2
Check: Rd files
Result: NOTE
checkRd: (-1) plot.predict.crrQR.Rd:18: Escaped LaTeX specials: \#
checkRd: (-1) plot.predict.crrQR.Rd:22: Escaped LaTeX specials: \#
Flavors: r-devel-linux-x86_64-debian-clang, r-devel-linux-x86_64-debian-gcc, r-devel-linux-x86_64-fedora-clang, r-devel-linux-x86_64-fedora-gcc, r-devel-windows-x86_64, r-patched-linux-x86_64, r-release-linux-x86_64, r-release-macos-arm64, r-release-macos-x86_64, r-release-windows-x86_64, r-oldrel-macos-arm64, r-oldrel-macos-x86_64, r-oldrel-windows-x86_64