CRAN Package Check Results for Package cmhc

Last updated on 2022-09-28 21:51:34 CEST.

Flavor Version Tinstall Tcheck Ttotal Status Flags
r-devel-linux-x86_64-debian-clang 0.2.1 6.82 57.36 64.18 OK
r-devel-linux-x86_64-debian-gcc 0.2.1 4.76 43.23 47.99 OK
r-devel-linux-x86_64-fedora-clang 0.2.1 92.65 NOTE
r-devel-linux-x86_64-fedora-gcc 0.2.1 83.84 NOTE
r-devel-windows-x86_64 0.2.1 13.00 87.00 100.00 OK
r-patched-linux-x86_64 0.2.1 5.18 53.60 58.78 OK
r-release-linux-x86_64 0.2.1 6.85 53.88 60.73 OK
r-release-macos-arm64 0.2.1 26.00 NOTE
r-release-macos-x86_64 0.2.1 39.00 NOTE
r-release-windows-x86_64 0.2.1 21.00 84.00 105.00 OK
r-oldrel-macos-arm64 0.2.1 27.00 NOTE
r-oldrel-macos-x86_64 0.2.1 41.00 NOTE
r-oldrel-windows-ix86+x86_64 0.2.1 16.00 79.00 95.00 OK

Check Details

Version: 0.2.1
Check: data for non-ASCII characters
Result: NOTE
     Note: found 4622 marked UTF-8 strings
Flavors: r-devel-linux-x86_64-fedora-clang, r-devel-linux-x86_64-fedora-gcc, r-release-macos-arm64, r-release-macos-x86_64, r-oldrel-macos-arm64, r-oldrel-macos-x86_64