Last updated on 2024-03-28 19:48:27 CET.
Flavor | Version | Tinstall | Tcheck | Ttotal | Status | Flags |
---|---|---|---|---|---|---|
r-devel-linux-x86_64-debian-clang | 1.1.1 | 74.70 | 597.87 | 672.57 | OK | |
r-devel-linux-x86_64-debian-gcc | 1.1.1 | 61.66 | 446.23 | 507.89 | OK | |
r-devel-linux-x86_64-fedora-clang | 1.1.1 | 900.57 | OK | |||
r-devel-linux-x86_64-fedora-gcc | 1.1.1 | 858.18 | OK | |||
r-devel-windows-x86_64 | 1.1.1 | 64.00 | 410.00 | 474.00 | OK | |
r-patched-linux-x86_64 | 1.1.1 | 49.32 | 572.56 | 621.88 | OK | |
r-release-linux-x86_64 | 1.1.1 | 48.62 | 596.94 | 645.56 | OK | |
r-release-macos-arm64 | 1.1.1 | 11.00 | ERROR | |||
r-release-macos-x86_64 | 1.1.1 | 7.00 | ERROR | |||
r-release-windows-x86_64 | 1.1.1 | 85.00 | 554.00 | 639.00 | OK | |
r-oldrel-macos-arm64 | 1.1.0 | 215.00 | NOTE | |||
r-oldrel-windows-x86_64 | 1.1.0 | 56.00 | 375.00 | 431.00 | ERROR |
Version: 1.1.1
Check: package dependencies
Result: ERROR
Package required but not available: ‘GSVA’
See section ‘The DESCRIPTION file’ in the ‘Writing R Extensions’
manual.
Flavors: r-release-macos-arm64, r-release-macos-x86_64
Version: 1.1.0
Check: LazyData
Result: NOTE
'LazyData' is specified without a 'data' directory
Flavors: r-oldrel-macos-arm64, r-oldrel-windows-x86_64
Version: 1.1.0
Check: tests
Result: ERROR
Running 'testthat.R' [27s]
Running the tests in 'tests/testthat.R' failed.
Complete output:
> library(testthat)
> library(clustermole)
>
> test_check("clustermole")
[ FAIL 5 | WARN 7 | SKIP 0 | PASS 29 ]
══ Failed tests ════════════════════════════════════════════════════════════════
── Error ('test-enrichment.R:30:3'): clustermole_enrichment() human input default method ──
<defunctError/error/condition>
Error: useNames = NA is defunct. Instead, specify either useNames = TRUE or useNames = FALSE.
Backtrace:
▆
1. └─clustermole::clustermole_enrichment(expr_mat = log_cpm_mat, species = "hs") at test-enrichment.R:30:3
2. └─clustermole:::get_scores(...)
3. ├─GSVA::gsva(...)
4. └─GSVA::gsva(...)
5. └─GSVA (local) .local(expr, gset.idx.list, ...)
6. └─GSVA:::.filterFeatures(expr, method)
7. ├─DelayedMatrixStats::rowSds(expr)
8. └─DelayedMatrixStats::rowSds(expr)
9. └─MatrixGenerics (local) .local(x, rows, cols, na.rm, center, ..., useNames = useNames)
10. └─matrixStats::rowSds(...)
11. └─matrixStats::rowVars(...)
12. └─matrixStats:::deprecatedUseNamesNA()
13. └─base::.Defunct(...)
── Error ('test-enrichment.R:38:3'): clustermole_enrichment() human input gsva method ──
<defunctError/error/condition>
Error: useNames = NA is defunct. Instead, specify either useNames = TRUE or useNames = FALSE.
Backtrace:
▆
1. └─clustermole::clustermole_enrichment(...) at test-enrichment.R:38:3
2. └─clustermole:::get_scores(...)
3. ├─GSVA::gsva(...)
4. └─GSVA::gsva(...)
5. └─GSVA (local) .local(expr, gset.idx.list, ...)
6. └─GSVA:::.filterFeatures(expr, method)
7. ├─DelayedMatrixStats::rowSds(expr)
8. └─DelayedMatrixStats::rowSds(expr)
9. └─MatrixGenerics (local) .local(x, rows, cols, na.rm, center, ..., useNames = useNames)
10. └─matrixStats::rowSds(...)
11. └─matrixStats::rowVars(...)
12. └─matrixStats:::deprecatedUseNamesNA()
13. └─base::.Defunct(...)
── Error ('test-enrichment.R:46:3'): clustermole_enrichment() human input ssgsea method ──
<defunctError/error/condition>
Error: useNames = NA is defunct. Instead, specify either useNames = TRUE or useNames = FALSE.
Backtrace:
▆
1. └─clustermole::clustermole_enrichment(...) at test-enrichment.R:46:3
2. └─clustermole:::get_scores(...)
3. ├─GSVA::gsva(...)
4. └─GSVA::gsva(...)
5. └─GSVA (local) .local(expr, gset.idx.list, ...)
6. └─GSVA:::.filterFeatures(expr, method)
7. ├─DelayedMatrixStats::rowSds(expr)
8. └─DelayedMatrixStats::rowSds(expr)
9. └─MatrixGenerics (local) .local(x, rows, cols, na.rm, center, ..., useNames = useNames)
10. └─matrixStats::rowSds(...)
11. └─matrixStats::rowVars(...)
12. └─matrixStats:::deprecatedUseNamesNA()
13. └─base::.Defunct(...)
── Error ('test-enrichment.R:62:3'): clustermole_enrichment() human input all combined method ──
<defunctError/error/condition>
Error: useNames = NA is defunct. Instead, specify either useNames = TRUE or useNames = FALSE.
Backtrace:
▆
1. └─clustermole::clustermole_enrichment(...) at test-enrichment.R:62:3
2. └─clustermole:::get_scores(...)
3. ├─GSVA::gsva(...)
4. └─GSVA::gsva(...)
5. └─GSVA (local) .local(expr, gset.idx.list, ...)
6. └─GSVA:::.filterFeatures(expr, method)
7. ├─DelayedMatrixStats::rowSds(expr)
8. └─DelayedMatrixStats::rowSds(expr)
9. └─MatrixGenerics (local) .local(x, rows, cols, na.rm, center, ..., useNames = useNames)
10. └─matrixStats::rowSds(...)
11. └─matrixStats::rowVars(...)
12. └─matrixStats:::deprecatedUseNamesNA()
13. └─base::.Defunct(...)
── Error ('test-enrichment.R:76:3'): clustermole_enrichment() mouse input ──────
<defunctError/error/condition>
Error: useNames = NA is defunct. Instead, specify either useNames = TRUE or useNames = FALSE.
Backtrace:
▆
1. └─clustermole::clustermole_enrichment(expr_mat = log_cpm_mat, species = "mm") at test-enrichment.R:76:3
2. └─clustermole:::get_scores(...)
3. ├─GSVA::gsva(...)
4. └─GSVA::gsva(...)
5. └─GSVA (local) .local(expr, gset.idx.list, ...)
6. └─GSVA:::.filterFeatures(expr, method)
7. ├─DelayedMatrixStats::rowSds(expr)
8. └─DelayedMatrixStats::rowSds(expr)
9. └─MatrixGenerics (local) .local(x, rows, cols, na.rm, center, ..., useNames = useNames)
10. └─matrixStats::rowSds(...)
11. └─matrixStats::rowVars(...)
12. └─matrixStats:::deprecatedUseNamesNA()
13. └─base::.Defunct(...)
[ FAIL 5 | WARN 7 | SKIP 0 | PASS 29 ]
Error: Test failures
Execution halted
Flavor: r-oldrel-windows-x86_64