Last updated on 2025-05-03 21:51:13 CEST.
Flavor | Version | Tinstall | Tcheck | Ttotal | Status | Flags |
---|---|---|---|---|---|---|
r-devel-linux-x86_64-debian-clang | 1.3.8 | 4.75 | 34.92 | 39.67 | NOTE | |
r-devel-linux-x86_64-debian-gcc | 1.3.8 | 3.74 | 25.58 | 29.32 | NOTE | |
r-devel-linux-x86_64-fedora-clang | 1.3.8 | 62.57 | OK | |||
r-devel-linux-x86_64-fedora-gcc | 1.3.8 | 58.77 | OK | |||
r-devel-windows-x86_64 | 1.3.8 | 5.00 | 62.00 | 67.00 | OK | |
r-patched-linux-x86_64 | 1.3.8 | 4.70 | 33.17 | 37.87 | OK | |
r-release-linux-x86_64 | OK | |||||
r-release-macos-arm64 | 1.3.8 | 21.00 | OK | |||
r-release-macos-x86_64 | 1.3.8 | 44.00 | OK | |||
r-release-windows-x86_64 | 1.3.8 | 6.00 | 55.00 | 61.00 | OK | |
r-oldrel-macos-arm64 | 1.3.8 | 33.00 | OK | |||
r-oldrel-macos-x86_64 | 1.3.8 | 33.00 | OK | |||
r-oldrel-windows-x86_64 | 1.3.8 | 7.00 | 59.00 | 66.00 | OK |
Version: 1.3.8
Check: CRAN incoming feasibility
Result: NOTE
Maintainer: ‘Weiliang Qiu <weiliang.qiu@gmail.com>’
No Authors@R field in DESCRIPTION.
Please add one, modifying
Authors@R: c(person(given = "Weiliang",
family = "Qiu",
role = c("aut", "cre"),
email = "weiliang.qiu@gmail.com"),
person(given = "Harry",
family = "Joe.",
role = "aut",
email = "harry@stat.ubc.ca"))
as necessary.
Flavors: r-devel-linux-x86_64-debian-clang, r-devel-linux-x86_64-debian-gcc