Last updated on 2024-03-27 19:56:47 CET.
Flavor | Version | Tinstall | Tcheck | Ttotal | Status | Flags |
---|---|---|---|---|---|---|
r-devel-linux-x86_64-debian-clang | 0.1-0 | 32.80 | 221.74 | 254.54 | OK | |
r-devel-linux-x86_64-debian-gcc | 0.1-0 | 24.80 | 162.21 | 187.01 | OK | |
r-devel-linux-x86_64-fedora-clang | 0.1-0 | 315.09 | NOTE | |||
r-devel-linux-x86_64-fedora-gcc | 0.1-0 | 308.15 | NOTE | |||
r-devel-windows-x86_64 | 0.1-0 | 22.00 | 136.00 | 158.00 | OK | |
r-patched-linux-x86_64 | 0.1-0 | 25.08 | 188.21 | 213.29 | OK | |
r-release-linux-x86_64 | 0.1-0 | 16.42 | 194.31 | 210.73 | OK | |
r-release-macos-arm64 | 0.1-0 | 11.00 | ERROR | |||
r-release-macos-x86_64 | 0.1-0 | 6.00 | ERROR | |||
r-release-windows-x86_64 | 0.1-0 | 28.00 | 166.00 | 194.00 | OK | |
r-oldrel-macos-arm64 | 0.1-0 | 12.00 | ERROR | |||
r-oldrel-windows-x86_64 | 0.1-0 | 28.00 | 172.00 | 200.00 | OK |
Version: 0.1-0
Check: dependencies in R code
Result: NOTE
Namespace in Imports field not imported from: ‘DT’
All declared Imports should be used.
Flavors: r-devel-linux-x86_64-fedora-clang, r-devel-linux-x86_64-fedora-gcc
Version: 0.1-0
Check: package dependencies
Result: ERROR
Package required but not available: ‘IsoGene’
See section ‘The DESCRIPTION file’ in the ‘Writing R Extensions’
manual.
Flavors: r-release-macos-arm64, r-release-macos-x86_64, r-oldrel-macos-arm64