Last updated on 2024-03-28 19:48:27 CET.
Flavor | Version | Tinstall | Tcheck | Ttotal | Status | Flags |
---|---|---|---|---|---|---|
r-devel-linux-x86_64-debian-clang | 0.3-65 | 10.44 | 90.86 | 101.30 | OK | |
r-devel-linux-x86_64-debian-gcc | 0.3-65 | 8.50 | 66.35 | 74.85 | OK | |
r-devel-linux-x86_64-fedora-clang | 0.3-65 | 122.66 | NOTE | |||
r-devel-linux-x86_64-fedora-gcc | 0.3-65 | 133.33 | OK | |||
r-devel-windows-x86_64 | 0.3-65 | 14.00 | 113.00 | 127.00 | OK | |
r-patched-linux-x86_64 | 0.3-65 | 12.14 | 87.88 | 100.02 | OK | |
r-release-linux-x86_64 | 0.3-65 | 11.55 | 84.95 | 96.50 | OK | |
r-release-macos-arm64 | 0.3-65 | 63.00 | OK | |||
r-release-macos-x86_64 | 0.3-65 | 154.00 | OK | |||
r-release-windows-x86_64 | 0.3-65 | 14.00 | 115.00 | 129.00 | OK | |
r-oldrel-macos-arm64 | 0.3-65 | 58.00 | OK | |||
r-oldrel-windows-x86_64 | 0.3-65 | 16.00 | 120.00 | 136.00 | OK |
Version: 0.3-65
Check: Rd cross-references
Result: NOTE
Undeclared packages ‘mlbench’, ‘fpc’ in Rd xrefs
Flavor: r-devel-linux-x86_64-fedora-clang