Last updated on 2025-11-03 21:50:16 CET.
| Flavor | Version | Tinstall | Tcheck | Ttotal | Status | Flags | 
|---|---|---|---|---|---|---|
| r-devel-linux-x86_64-debian-clang | 0.1.2 | 5.27 | 43.95 | 49.22 | NOTE | |
| r-devel-linux-x86_64-debian-gcc | 0.1.2 | 3.89 | 32.44 | 36.33 | NOTE | |
| r-devel-linux-x86_64-fedora-clang | 0.1.2 | 14.00 | 64.23 | 78.23 | NOTE | |
| r-devel-linux-x86_64-fedora-gcc | 0.1.2 | 23.00 | 53.73 | 76.73 | NOTE | |
| r-devel-windows-x86_64 | 0.1.2 | 8.00 | 57.00 | 65.00 | NOTE | |
| r-patched-linux-x86_64 | 0.1.2 | 6.02 | 41.71 | 47.73 | NOTE | |
| r-release-linux-x86_64 | 0.1.2 | 5.25 | 42.12 | 47.37 | NOTE | |
| r-release-macos-arm64 | 0.1.2 | 3.00 | 26.00 | 29.00 | NOTE | |
| r-release-macos-x86_64 | 0.1.2 | 5.00 | 38.00 | 43.00 | NOTE | |
| r-release-windows-x86_64 | 0.1.2 | 8.00 | 57.00 | 65.00 | NOTE | |
| r-oldrel-macos-arm64 | 0.1.2 | 3.00 | 24.00 | 27.00 | NOTE | |
| r-oldrel-macos-x86_64 | 0.1.2 | 4.00 | 34.00 | 38.00 | NOTE | |
| r-oldrel-windows-x86_64 | 0.1.2 | 9.00 | 67.00 | 76.00 | NOTE | 
Version: 0.1.2
Check: CRAN incoming feasibility
Result: NOTE
  Maintainer: ‘Amandine Pierrot <amandine.m.pierrot@gmail.com>’
  
  No Authors@R field in DESCRIPTION.
  Please add one, modifying
    Authors@R: c(person(given = c("Amandine", "Pierrot", "with", "contributions", "and/or", "help", "from", "Qiwei"),
                        family = "Yao",
                        role = "aut"),
                 person(given = "Haeran",
                        family = "Cho",
                        role = "aut"),
                 person(given = "Yannig",
                        family = "Goude",
                        role = "aut"),
                 person(given = "Tony",
                        family = "Aldon.",
                        role = "aut"),
                 person(given = "Amandine",
                        family = "Pierrot",
                        role = "cre",
                        email = "amandine.m.pierrot@gmail.com"))
  as necessary.
Flavors: r-devel-linux-x86_64-debian-clang, r-devel-linux-x86_64-debian-gcc
Version: 0.1.2
Check: Rd files
Result: NOTE
  checkRd: (-1) clr.Rd:24: Lost braces
      24 | the sense that its Karhunen-Lo\`{e}ve decomposition has qx terms only.}
         |                                 ^
Flavors: r-devel-linux-x86_64-debian-clang, r-devel-linux-x86_64-debian-gcc, r-devel-linux-x86_64-fedora-clang, r-devel-linux-x86_64-fedora-gcc, r-devel-windows-x86_64, r-patched-linux-x86_64, r-release-linux-x86_64, r-release-macos-arm64, r-release-macos-x86_64, r-release-windows-x86_64, r-oldrel-macos-arm64, r-oldrel-macos-x86_64, r-oldrel-windows-x86_64