Last updated on 2025-10-31 19:58:07 CET.
| Flavor | Version | Tinstall | Tcheck | Ttotal | Status | Flags | 
|---|---|---|---|---|---|---|
| r-devel-linux-x86_64-debian-clang | 1.1 | 10.29 | 37.77 | 48.06 | NOTE | |
| r-devel-linux-x86_64-debian-gcc | 1.1 | 6.93 | 27.77 | 34.70 | NOTE | |
| r-devel-linux-x86_64-fedora-clang | 1.1 | 28.00 | 51.38 | 79.38 | NOTE | |
| r-devel-linux-x86_64-fedora-gcc | 1.1 | 25.00 | 49.00 | 74.00 | NOTE | |
| r-devel-windows-x86_64 | 1.1 | 14.00 | 80.00 | 94.00 | OK | |
| r-patched-linux-x86_64 | 1.1 | 9.90 | 35.55 | 45.45 | OK | |
| r-release-linux-x86_64 | 1.1 | 10.78 | 35.16 | 45.94 | OK | |
| r-release-macos-arm64 | 1.1 | 5.00 | 21.00 | 26.00 | OK | |
| r-release-macos-x86_64 | 1.1 | 8.00 | 37.00 | 45.00 | OK | |
| r-release-windows-x86_64 | 1.1 | 13.00 | 85.00 | 98.00 | OK | |
| r-oldrel-macos-arm64 | 1.1 | 4.00 | 25.00 | 29.00 | OK | |
| r-oldrel-macos-x86_64 | 1.1 | 7.00 | 29.00 | 36.00 | OK | |
| r-oldrel-windows-x86_64 | 1.1 | 14.00 | 96.00 | 110.00 | OK | 
Version: 1.1
Check: CRAN incoming feasibility
Result: NOTE
  Maintainer: ‘Haolun Shi <shl2003@connect.hku.hk>’
  
  No Authors@R field in DESCRIPTION.
  Please add one, modifying
    Authors@R: c(person(given = "Haolun",
                        family = "Shi",
                        role = c("aut", "cre"),
                        email = "shl2003@connect.hku.hk"),
                 person(given = "Guosheng",
                        family = "Yin",
                        role = "aut"))
  as necessary.
Flavors: r-devel-linux-x86_64-debian-clang, r-devel-linux-x86_64-debian-gcc
Version: 1.1
Check: compiled code
Result: NOTE
  File ‘clogitboost/libs/clogitboost.so’:
    Found no calls to: ‘R_registerRoutines’, ‘R_useDynamicSymbols’
  
  It is good practice to register native routines and to disable symbol
  search.
  
  See ‘Writing portable packages’ in the ‘Writing R Extensions’ manual.
Flavors: r-devel-linux-x86_64-fedora-clang, r-devel-linux-x86_64-fedora-gcc