CRAN Package Check Results for Package clogitboost

Last updated on 2022-09-28 21:51:33 CEST.

Flavor Version Tinstall Tcheck Ttotal Status Flags
r-devel-linux-x86_64-debian-clang 1.1 17.86 46.74 64.60 OK
r-devel-linux-x86_64-debian-gcc 1.1 14.22 33.86 48.08 OK
r-devel-linux-x86_64-fedora-clang 1.1 98.58 NOTE
r-devel-linux-x86_64-fedora-gcc 1.1 86.58 NOTE
r-devel-windows-x86_64 1.1 52.00 104.00 156.00 OK
r-patched-linux-x86_64 1.1 15.95 43.60 59.55 OK
r-release-linux-x86_64 1.1 17.33 43.84 61.17 OK
r-release-macos-arm64 1.1 27.00 OK
r-release-macos-x86_64 1.1 35.00 OK
r-release-windows-x86_64 1.1 25.00 98.00 123.00 OK
r-oldrel-macos-arm64 1.1 34.00 OK
r-oldrel-macos-x86_64 1.1 50.00 OK
r-oldrel-windows-ix86+x86_64 1.1 45.00 130.00 175.00 OK

Check Details

Version: 1.1
Check: compiled code
Result: NOTE
    File ‘clogitboost/libs/clogitboost.so’:
     Found no calls to: ‘R_registerRoutines’, ‘R_useDynamicSymbols’
    
    It is good practice to register native routines and to disable symbol
    search.
    
    See ‘Writing portable packages’ in the ‘Writing R Extensions’ manual.
Flavors: r-devel-linux-x86_64-fedora-clang, r-devel-linux-x86_64-fedora-gcc