Last updated on 2025-11-03 21:50:16 CET.
| Flavor | Version | Tinstall | Tcheck | Ttotal | Status | Flags | 
|---|---|---|---|---|---|---|
| r-devel-linux-x86_64-debian-clang | 1.2 | 1.78 | 20.07 | 21.85 | NOTE | |
| r-devel-linux-x86_64-debian-gcc | 1.2 | 1.56 | 16.15 | 17.71 | NOTE | |
| r-devel-linux-x86_64-fedora-clang | 1.2 | 32.42 | NOTE | |||
| r-devel-linux-x86_64-fedora-gcc | 1.2 | 32.36 | NOTE | |||
| r-devel-windows-x86_64 | 1.2 | 5.00 | 39.00 | 44.00 | NOTE | |
| r-patched-linux-x86_64 | 1.2 | 1.97 | 18.85 | 20.82 | NOTE | |
| r-release-linux-x86_64 | 1.2 | 1.90 | 18.86 | 20.76 | NOTE | |
| r-release-macos-arm64 | 1.2 | 1.00 | 15.00 | 16.00 | NOTE | |
| r-release-macos-x86_64 | 1.2 | 2.00 | 21.00 | 23.00 | NOTE | |
| r-release-windows-x86_64 | 1.2 | 4.00 | 38.00 | 42.00 | NOTE | |
| r-oldrel-macos-arm64 | 1.2 | 1.00 | 19.00 | 20.00 | NOTE | |
| r-oldrel-macos-x86_64 | 1.2 | 2.00 | 20.00 | 22.00 | NOTE | |
| r-oldrel-windows-x86_64 | 1.2 | 2.00 | 38.00 | 40.00 | NOTE | 
Version: 1.2
Check: CRAN incoming feasibility
Result: NOTE
  Maintainer: ‘Jim Lemon <drjimlemon@gmail.com>’
  
  No Authors@R field in DESCRIPTION.
  Please add one, modifying
    Authors@R: c(person(given = "Jim",
                        family = "Lemon,",
                        role = "aut",
                        email = "drjimlemon@gmail.com"),
                 person(given = "Jim",
                        family = "Lemon",
                        role = "cre",
                        email = "drjimlemon@gmail.com"))
  as necessary.
Flavors: r-devel-linux-x86_64-debian-clang, r-devel-linux-x86_64-debian-gcc
Version: 1.2
Check: Rd files
Result: NOTE
  checkRd: (-1) clinsig.Rd:129: Lost braces
     129 |  be calculated with the measures specified in samp{mct} and samp{disp},
         |                                                   ^
  checkRd: (-1) clinsig.Rd:129: Lost braces
     129 |  be calculated with the measures specified in samp{mct} and samp{disp},
         |                                                                 ^
Flavors: r-devel-linux-x86_64-debian-clang, r-devel-linux-x86_64-debian-gcc, r-devel-linux-x86_64-fedora-clang, r-devel-linux-x86_64-fedora-gcc, r-devel-windows-x86_64, r-patched-linux-x86_64, r-release-linux-x86_64, r-release-macos-arm64, r-release-macos-x86_64, r-release-windows-x86_64, r-oldrel-macos-arm64, r-oldrel-macos-x86_64, r-oldrel-windows-x86_64