CRAN Package Check Results for Package clinfun

Last updated on 2022-11-27 19:51:26 CET.

Flavor Version Tinstall Tcheck Ttotal Status Flags
r-devel-linux-x86_64-debian-clang 1.1.0 10.43 57.93 68.36 NOTE
r-devel-linux-x86_64-debian-gcc 1.1.0 6.95 43.39 50.34 NOTE
r-devel-linux-x86_64-fedora-clang 1.1.0 91.37 NOTE
r-devel-linux-x86_64-fedora-gcc 1.1.0 101.60 NOTE
r-devel-windows-x86_64 1.1.0 31.00 88.00 119.00 NOTE
r-patched-linux-x86_64 1.1.0 8.72 53.47 62.19 OK
r-release-linux-x86_64 1.1.0 7.73 54.33 62.06 OK
r-release-macos-arm64 1.1.0 28.00 OK
r-release-macos-x86_64 1.1.0 39.00 OK
r-release-windows-x86_64 1.1.0 40.00 96.00 136.00 OK
r-oldrel-macos-arm64 1.1.0 29.00 OK
r-oldrel-macos-x86_64 1.1.0 37.00 OK
r-oldrel-windows-ix86+x86_64 1.1.0 28.00 105.00 133.00 OK

Check Details

Version: 1.1.0
Check: package subdirectories
Result: NOTE
    Problems with news in 'NEWS.md':
     Cannot extract version info from the following section titles:
     clinfun (development version)
Flavors: r-devel-linux-x86_64-debian-clang, r-devel-linux-x86_64-debian-gcc, r-devel-linux-x86_64-fedora-clang, r-devel-linux-x86_64-fedora-gcc, r-devel-windows-x86_64

Version: 1.1.0
Check: Rd files
Result: NOTE
    checkRd: (-1) coxphCPE.Rd:2: Escaped LaTeX specials: \&
Flavors: r-devel-linux-x86_64-debian-clang, r-devel-linux-x86_64-debian-gcc, r-devel-linux-x86_64-fedora-clang, r-devel-linux-x86_64-fedora-gcc, r-devel-windows-x86_64