CRAN Package Check Results for Package climatol

Last updated on 2022-10-03 21:53:34 CEST.

Flavor Version Tinstall Tcheck Ttotal Status Flags
r-devel-linux-x86_64-debian-clang 3.1.2 5.46 103.59 109.05 NOTE
r-devel-linux-x86_64-debian-gcc 3.1.2 6.00 75.16 81.16 NOTE
r-devel-linux-x86_64-fedora-clang 3.1.2 145.97 NOTE
r-devel-linux-x86_64-fedora-gcc 3.1.2 137.44 NOTE
r-devel-windows-x86_64 3.1.2 26.00 153.00 179.00 NOTE
r-patched-linux-x86_64 3.1.2 8.01 96.74 104.75 OK
r-release-linux-x86_64 3.1.2 8.20 93.91 102.11 OK
r-release-macos-arm64 3.1.2 33.00 OK
r-release-macos-x86_64 3.1.2 52.00 OK
r-release-windows-x86_64 3.1.2 25.00 127.00 152.00 OK
r-oldrel-macos-arm64 3.1.2 37.00 NOTE
r-oldrel-macos-x86_64 3.1.2 65.00 OK
r-oldrel-windows-ix86+x86_64 3.1.2 12.00 125.00 137.00 OK

Check Details

Version: 3.1.2
Check: Rd files
Result: NOTE
    checkRd: (-1) diagwl.Rd:3: Escaped LaTeX specials: \&
    checkRd: (-1) diagwl.Rd:5: Escaped LaTeX specials: \&
Flavors: r-devel-linux-x86_64-debian-clang, r-devel-linux-x86_64-debian-gcc, r-devel-linux-x86_64-fedora-clang, r-devel-linux-x86_64-fedora-gcc, r-devel-windows-x86_64

Version: 3.1.2
Check: package dependencies
Result: NOTE
    Package suggested but not available for checking: ‘RODBC’
Flavor: r-oldrel-macos-arm64