Last updated on 2024-07-17 20:56:56 CEST.
Flavor | Version | Tinstall | Tcheck | Ttotal | Status | Flags |
---|---|---|---|---|---|---|
r-devel-linux-x86_64-debian-clang | 1.3.3 | 13.98 | 138.70 | 152.68 | OK | |
r-devel-linux-x86_64-debian-gcc | 1.3.3 | 11.36 | 100.38 | 111.74 | OK | |
r-devel-linux-x86_64-fedora-clang | 1.3.3 | 194.70 | OK | |||
r-devel-linux-x86_64-fedora-gcc | 1.3.3 | 184.97 | OK | |||
r-devel-windows-x86_64 | 1.3.3 | 16.00 | 124.00 | 140.00 | NOTE | |
r-patched-linux-x86_64 | 1.3.3 | 22.46 | 130.70 | 153.16 | OK | |
r-release-linux-x86_64 | 1.3.3 | 16.95 | 129.29 | 146.24 | OK | |
r-release-macos-arm64 | 1.3.3 | 50.00 | OK | |||
r-release-macos-x86_64 | 1.3.3 | 78.00 | OK | |||
r-release-windows-x86_64 | 1.3.3 | 16.00 | 127.00 | 143.00 | OK | |
r-oldrel-macos-arm64 | 1.3.3 | 117.00 | OK | |||
r-oldrel-macos-x86_64 | 1.3.3 | 147.00 | OK | |||
r-oldrel-windows-x86_64 | 1.3.3 | 20.00 | 147.00 | 167.00 | OK |
Version: 1.3.3
Check: Rd cross-references
Result: NOTE
Found the following Rd file(s) with Rd \link{} targets missing package
anchors:
fitMarkovChain.Rd: Rsolnp
frequencies.Rd: transactions
Please provide package anchors for all Rd \link{} targets not in the
package itself and the base packages.
Flavor: r-devel-windows-x86_64