Last updated on 2023-01-30 20:55:41 CET.
Flavor | Version | Tinstall | Tcheck | Ttotal | Status | Flags |
---|---|---|---|---|---|---|
r-devel-linux-x86_64-debian-clang | 0.1.1 | 6.12 | 186.95 | 193.07 | NOTE | |
r-devel-linux-x86_64-debian-gcc | 0.1.1 | 3.85 | 134.17 | 138.02 | NOTE | |
r-devel-linux-x86_64-fedora-clang | 0.1.1 | 226.19 | NOTE | |||
r-devel-linux-x86_64-fedora-gcc | 0.1.1 | 234.74 | NOTE | |||
r-devel-windows-x86_64 | 0.1.1 | 26.00 | 183.00 | 209.00 | NOTE | |
r-patched-linux-x86_64 | 0.1.1 | 4.45 | 172.92 | 177.37 | NOTE | |
r-release-linux-x86_64 | 0.1.1 | 5.52 | 176.98 | 182.50 | NOTE | |
r-release-macos-arm64 | 0.1.1 | 48.00 | NOTE | |||
r-release-macos-x86_64 | 0.1.1 | 78.00 | NOTE | |||
r-release-windows-x86_64 | 0.1.1 | 29.00 | 187.00 | 216.00 | NOTE | |
r-oldrel-macos-arm64 | 0.1.1 | 63.00 | NOTE | |||
r-oldrel-macos-x86_64 | 0.1.1 | 85.00 | NOTE | |||
r-oldrel-windows-ix86+x86_64 | 0.1.1 | 12.00 | 190.00 | 202.00 | NOTE |
Version: 0.1.1
Check: LazyData
Result: NOTE
'LazyData' is specified without a 'data' directory
Flavors: r-devel-linux-x86_64-debian-clang, r-devel-linux-x86_64-debian-gcc, r-devel-linux-x86_64-fedora-clang, r-devel-linux-x86_64-fedora-gcc, r-devel-windows-x86_64, r-patched-linux-x86_64, r-release-linux-x86_64, r-release-macos-arm64, r-release-macos-x86_64, r-release-windows-x86_64, r-oldrel-macos-arm64, r-oldrel-macos-x86_64, r-oldrel-windows-ix86+x86_64