CRAN Package Check Results for Package cleanrmd

Last updated on 2022-09-26 21:52:53 CEST.

Flavor Version Tinstall Tcheck Ttotal Status Flags
r-devel-linux-x86_64-debian-clang 0.1.0 2.60 26.38 28.98 OK
r-devel-linux-x86_64-debian-gcc 0.1.0 2.28 20.80 23.08 OK
r-devel-linux-x86_64-fedora-clang 0.1.0 49.23 NOTE
r-devel-linux-x86_64-fedora-gcc 0.1.0 45.30 OK
r-devel-windows-x86_64 0.1.0 84.00 60.00 144.00 OK
r-patched-linux-x86_64 0.1.0 3.20 25.92 29.12 OK
r-release-linux-x86_64 0.1.0 1.84 25.71 27.55 OK
r-release-macos-arm64 0.1.0 16.00 OK
r-release-macos-x86_64 0.1.0 24.00 OK
r-release-windows-x86_64 0.1.0 98.00 52.00 150.00 OK
r-oldrel-macos-arm64 0.1.0 14.00 OK
r-oldrel-macos-x86_64 0.1.0 23.00 OK
r-oldrel-windows-ix86+x86_64 0.1.0 6.00 50.00 56.00 OK

Check Details

Version: 0.1.0
Check: Rd cross-references
Result: NOTE
    Undeclared packages ‘bslib’, ‘shiny’ in Rd xrefs
Flavor: r-devel-linux-x86_64-fedora-clang