Last updated on 2025-05-07 20:49:40 CEST.
Flavor | Version | Tinstall | Tcheck | Ttotal | Status | Flags |
---|---|---|---|---|---|---|
r-devel-linux-x86_64-debian-clang | 2.0.0 | 3.09 | 21.19 | 24.28 | OK | |
r-devel-linux-x86_64-debian-gcc | 2.0.0 | 2.31 | 16.11 | 18.42 | OK | |
r-devel-linux-x86_64-fedora-clang | 2.0.0 | 40.14 | OK | |||
r-devel-linux-x86_64-fedora-gcc | 2.0.0 | 36.67 | OK | |||
r-devel-windows-x86_64 | 2.0.0 | 4.00 | 32.00 | 36.00 | OK | |
r-patched-linux-x86_64 | 2.0.0 | 2.94 | 20.38 | 23.32 | OK | |
r-release-linux-x86_64 | 2.0.0 | 2.69 | 20.14 | 22.83 | OK | |
r-release-macos-arm64 | 2.0.0 | 17.00 | OK | |||
r-release-macos-x86_64 | 2.0.0 | 25.00 | OK | |||
r-release-windows-x86_64 | 2.0.0 | 4.00 | 34.00 | 38.00 | OK | |
r-oldrel-macos-arm64 | 2.0.0 | 15.00 | NOTE | |||
r-oldrel-macos-x86_64 | 2.0.0 | 21.00 | NOTE | |||
r-oldrel-windows-x86_64 | 2.0.0 | 5.00 | 39.00 | 44.00 | NOTE |
Version: 2.0.0
Check: LazyData
Result: NOTE
'LazyData' is specified without a 'data' directory
Flavors: r-oldrel-macos-arm64, r-oldrel-macos-x86_64, r-oldrel-windows-x86_64