CRAN Package Check Results for Package classifly

Last updated on 2025-05-03 21:51:12 CEST.

Flavor Version Tinstall Tcheck Ttotal Status Flags
r-devel-linux-x86_64-debian-clang 0.4.1 1.79 25.18 26.97 NOTE
r-devel-linux-x86_64-debian-gcc 0.4.1 1.47 18.83 20.30 NOTE
r-devel-linux-x86_64-fedora-clang 0.4.1 44.56 OK
r-devel-linux-x86_64-fedora-gcc 0.4.1 40.48 OK
r-devel-windows-x86_64 0.4.1 3.00 60.00 63.00 NOTE
r-patched-linux-x86_64 0.4.1 1.99 23.86 25.85 NOTE
r-release-linux-x86_64 NOTE
r-release-macos-arm64 0.4.1 21.00 OK
r-release-macos-x86_64 0.4.1 28.00 OK
r-release-windows-x86_64 0.4.1 3.00 47.00 50.00 NOTE
r-oldrel-macos-arm64 0.4.1 20.00 OK
r-oldrel-macos-x86_64 0.4.1 26.00 OK
r-oldrel-windows-x86_64 0.4.1 3.00 56.00 59.00 OK

Check Details

Version: 0.4.1
Check: CRAN incoming feasibility
Result: NOTE Maintainer: ‘Hadley Wickham <h.wickham@gmail.com>’ No Authors@R field in DESCRIPTION. Please add one, modifying Authors@R: person(given = "Hadley", family = "Wickham", role = c("aut", "cre"), email = "h.wickham@gmail.com") as necessary. Flavors: r-devel-linux-x86_64-debian-clang, r-devel-linux-x86_64-debian-gcc

Version: 0.4.1
Check: Rd cross-references
Result: NOTE Found the following Rd file(s) with Rd \link{} targets missing package anchors: generate_classification_data.Rd: knn Please provide package anchors for all Rd \link{} targets not in the package itself and the base packages. Flavors: r-devel-linux-x86_64-debian-clang, r-devel-linux-x86_64-debian-gcc, r-devel-windows-x86_64, r-patched-linux-x86_64, r-release-linux-x86_64, r-release-windows-x86_64