CRAN Package Check Results for Package clarifai

Last updated on 2022-10-03 21:53:34 CEST.

Flavor Version Tinstall Tcheck Ttotal Status Flags
r-devel-linux-x86_64-debian-clang 0.4.2 2.91 32.37 35.28 NOTE
r-devel-linux-x86_64-debian-gcc 0.4.2 1.71 24.85 26.56 NOTE
r-devel-linux-x86_64-fedora-clang 0.4.2 55.70 NOTE
r-devel-linux-x86_64-fedora-gcc 0.4.2 51.57 NOTE
r-devel-windows-x86_64 0.4.2 25.00 70.00 95.00 NOTE
r-patched-linux-x86_64 0.4.2 2.28 30.53 32.81 NOTE
r-release-linux-x86_64 0.4.2 2.01 30.50 32.51 NOTE
r-release-macos-arm64 0.4.2 21.00 NOTE
r-release-macos-x86_64 0.4.2 27.00 NOTE
r-release-windows-x86_64 0.4.2 32.00 68.00 100.00 NOTE
r-oldrel-macos-arm64 0.4.2 25.00 NOTE
r-oldrel-macos-x86_64 0.4.2 33.00 NOTE
r-oldrel-windows-ix86+x86_64 0.4.2 6.00 60.00 66.00 NOTE

Check Details

Version: 0.4.2
Check: LazyData
Result: NOTE
     'LazyData' is specified without a 'data' directory
Flavors: r-devel-linux-x86_64-debian-clang, r-devel-linux-x86_64-debian-gcc, r-devel-linux-x86_64-fedora-clang, r-devel-linux-x86_64-fedora-gcc, r-devel-windows-x86_64, r-patched-linux-x86_64, r-release-linux-x86_64, r-release-macos-arm64, r-release-macos-x86_64, r-release-windows-x86_64, r-oldrel-macos-arm64, r-oldrel-macos-x86_64, r-oldrel-windows-ix86+x86_64