CRAN Package Check Results for Package cjbart

Last updated on 2023-06-04 21:58:17 CEST.

Flavor Version Tinstall Tcheck Ttotal Status Flags
r-devel-linux-x86_64-debian-clang 0.3.0 9.56 186.67 196.23 ERROR
r-devel-linux-x86_64-debian-gcc 0.3.0 7.56 127.61 135.17 ERROR
r-devel-linux-x86_64-fedora-clang 0.3.0 250.09 ERROR
r-devel-linux-x86_64-fedora-gcc 0.3.0 243.00 ERROR
r-devel-windows-x86_64 0.3.0 12.00 192.00 204.00 ERROR
r-patched-linux-x86_64 0.3.0 6.44 172.04 178.48 ERROR
r-release-linux-x86_64 0.3.0 6.62 170.88 177.50 ERROR
r-release-macos-arm64 0.3.0 114.00 OK
r-release-macos-x86_64 0.3.0 237.00 OK
r-release-windows-x86_64 0.3.0 13.00 220.00 233.00 ERROR
r-oldrel-macos-arm64 0.3.0 98.00 OK
r-oldrel-macos-x86_64 0.3.0 136.00 OK
r-oldrel-windows-x86_64 0.3.0 13.00 222.00 235.00 ERROR

Check Details

Version: 0.3.0
Check: re-building of vignette outputs
Result: ERROR
    Error(s) in re-building vignettes:
     ...
    --- re-building ‘cjbart-demo.Rmd’ using rmarkdown
    
    Quitting from lines 99-101 [plot_vimp1] (cjbart-demo.Rmd)
    Error: processing vignette ‘cjbart-demo.Rmd’ failed with diagnostics:
    arguments imply differing number of rows: 1, 0
    --- failed re-building ‘cjbart-demo.Rmd’
    
    SUMMARY: processing the following file failed:
     ‘cjbart-demo.Rmd’
    
    Error: Vignette re-building failed.
    Execution halted
Flavors: r-devel-linux-x86_64-debian-clang, r-devel-linux-x86_64-debian-gcc, r-patched-linux-x86_64, r-release-linux-x86_64

Version: 0.3.0
Check: re-building of vignette outputs
Result: ERROR
    Error(s) in re-building vignettes:
    --- re-building ‘cjbart-demo.Rmd’ using rmarkdown
    OMP: Warning #96: Cannot form a team with 24 threads, using 2 instead.
    OMP: Hint Consider unsetting KMP_DEVICE_THREAD_LIMIT (KMP_ALL_THREADS), KMP_TEAMS_THREAD_LIMIT, and OMP_THREAD_LIMIT (if any are set).
    
    Quitting from lines 99-101 [plot_vimp1] (cjbart-demo.Rmd)
    Error: processing vignette 'cjbart-demo.Rmd' failed with diagnostics:
    arguments imply differing number of rows: 1, 0
    --- failed re-building ‘cjbart-demo.Rmd’
    
    SUMMARY: processing the following file failed:
     ‘cjbart-demo.Rmd’
    
    Error: Vignette re-building failed.
    Execution halted
Flavor: r-devel-linux-x86_64-fedora-clang

Version: 0.3.0
Check: re-building of vignette outputs
Result: ERROR
    Error(s) in re-building vignettes:
    --- re-building ‘cjbart-demo.Rmd’ using rmarkdown
    
    Quitting from lines 99-101 [plot_vimp1] (cjbart-demo.Rmd)
    Error: processing vignette 'cjbart-demo.Rmd' failed with diagnostics:
    arguments imply differing number of rows: 1, 0
    --- failed re-building ‘cjbart-demo.Rmd’
    
    SUMMARY: processing the following file failed:
     ‘cjbart-demo.Rmd’
    
    Error: Vignette re-building failed.
    Execution halted
Flavors: r-devel-linux-x86_64-fedora-gcc, r-devel-windows-x86_64, r-release-windows-x86_64, r-oldrel-windows-x86_64