Last updated on 2024-05-07 21:48:20 CEST.
Flavor | Version | Tinstall | Tcheck | Ttotal | Status | Flags |
---|---|---|---|---|---|---|
r-devel-linux-x86_64-debian-clang | 1.0.1 | 3.64 | 38.90 | 42.54 | NOTE | |
r-devel-linux-x86_64-debian-gcc | 1.0.1 | 2.60 | 28.63 | 31.23 | NOTE | |
r-devel-linux-x86_64-fedora-clang | 1.0.1 | 54.50 | NOTE | |||
r-devel-linux-x86_64-fedora-gcc | 1.0.1 | 69.91 | NOTE | |||
r-devel-windows-x86_64 | 1.0.1 | 4.00 | 57.00 | 61.00 | NOTE | |
r-patched-linux-x86_64 | 1.0.1 | 2.26 | 36.33 | 38.59 | NOTE | |
r-release-linux-x86_64 | 1.0.1 | 1.90 | 36.78 | 38.68 | NOTE | |
r-release-macos-arm64 | 1.0.1 | 25.00 | NOTE | |||
r-release-windows-x86_64 | 1.0.1 | 4.00 | 57.00 | 61.00 | NOTE | |
r-oldrel-macos-arm64 | 1.0.1 | 28.00 | NOTE | |||
r-oldrel-macos-x86_64 | 1.0.1 | 37.00 | NOTE | |||
r-oldrel-windows-x86_64 | 1.0.1 | 5.00 | 55.00 | 60.00 | NOTE |
Version: 1.0.1
Check: LazyData
Result: NOTE
'LazyData' is specified without a 'data' directory
Flavors: r-devel-linux-x86_64-debian-clang, r-devel-linux-x86_64-debian-gcc, r-devel-linux-x86_64-fedora-clang, r-devel-linux-x86_64-fedora-gcc, r-devel-windows-x86_64, r-patched-linux-x86_64, r-release-linux-x86_64, r-release-macos-arm64, r-release-windows-x86_64, r-oldrel-macos-arm64, r-oldrel-macos-x86_64, r-oldrel-windows-x86_64