Last updated on 2024-07-17 20:56:56 CEST.
Flavor | Version | Tinstall | Tcheck | Ttotal | Status | Flags |
---|---|---|---|---|---|---|
r-devel-linux-x86_64-debian-clang | 0.5-0 | 17.97 | 104.24 | 122.21 | OK | |
r-devel-linux-x86_64-debian-gcc | 0.5-0 | 12.85 | 72.77 | 85.62 | OK | |
r-devel-linux-x86_64-fedora-clang | 0.5-0 | 145.29 | OK | |||
r-devel-linux-x86_64-fedora-gcc | 0.5-0 | 135.47 | OK | |||
r-devel-windows-x86_64 | 0.5-0 | 20.00 | 107.00 | 127.00 | NOTE | |
r-patched-linux-x86_64 | 0.5-0 | 17.17 | 95.97 | 113.14 | OK | |
r-release-linux-x86_64 | 0.5-0 | 15.07 | 99.45 | 114.52 | OK | |
r-release-macos-arm64 | 0.5-0 | 36.00 | OK | |||
r-release-macos-x86_64 | 0.5-0 | 59.00 | OK | |||
r-release-windows-x86_64 | 0.5-0 | 21.00 | 108.00 | 129.00 | OK | |
r-oldrel-macos-arm64 | 0.5-0 | 47.00 | OK | |||
r-oldrel-macos-x86_64 | 0.5-0 | 111.00 | OK | |||
r-oldrel-windows-x86_64 | 0.5-0 | 21.00 | 125.00 | 146.00 | OK |
Version: 0.5-0
Check: Rd cross-references
Result: NOTE
Found the following Rd file(s) with Rd \link{} targets missing package
anchors:
plot.circular.Rd: eqscplot
rose.diag.Rd: eqscplot
windrose.Rd: eqscplot
Please provide package anchors for all Rd \link{} targets not in the
package itself and the base packages.
Flavor: r-devel-windows-x86_64