Last updated on 2025-07-11 20:48:21 CEST.
Flavor | Version | Tinstall | Tcheck | Ttotal | Status | Flags |
---|---|---|---|---|---|---|
r-devel-linux-x86_64-debian-clang | 0.2.2 | 5.10 | 62.23 | 67.33 | NOTE | |
r-devel-linux-x86_64-debian-gcc | 0.2.2 | 4.01 | 46.72 | 50.73 | NOTE | |
r-devel-linux-x86_64-fedora-clang | 0.2.2 | 104.08 | NOTE | |||
r-devel-linux-x86_64-fedora-gcc | 0.2.2 | 117.82 | NOTE | |||
r-devel-windows-x86_64 | 0.2.2 | 8.00 | 87.00 | 95.00 | NOTE | |
r-patched-linux-x86_64 | 0.2.2 | 5.28 | 58.70 | 63.98 | NOTE | |
r-release-linux-x86_64 | 0.2.2 | 4.47 | 57.86 | 62.33 | NOTE | |
r-release-macos-arm64 | 0.2.2 | 81.00 | NOTE | |||
r-release-macos-x86_64 | 0.2.2 | 77.00 | NOTE | |||
r-release-windows-x86_64 | 0.2.2 | 6.00 | 88.00 | 94.00 | NOTE | |
r-oldrel-macos-arm64 | 0.2.2 | 43.00 | OK | |||
r-oldrel-macos-x86_64 | 0.2.2 | 63.00 | OK | |||
r-oldrel-windows-x86_64 | 0.2.2 | 9.00 | 105.00 | 114.00 | OK |
Version: 0.2.2
Check: DESCRIPTION meta-information
Result: NOTE
Missing dependency on R >= 4.1.0 because package code uses the pipe
|> or function shorthand \(...) syntax added in R 4.1.0.
File(s) using such syntax:
‘bind_record.Rd’ ‘chronicle.R’ ‘fmap_record.Rd’
‘grapes-greater-than-equals-grapes.Rd’ ‘pick.Rd’
Flavors: r-devel-linux-x86_64-debian-clang, r-devel-linux-x86_64-debian-gcc, r-devel-linux-x86_64-fedora-clang, r-devel-linux-x86_64-fedora-gcc, r-devel-windows-x86_64, r-patched-linux-x86_64, r-release-linux-x86_64, r-release-macos-arm64, r-release-macos-x86_64, r-release-windows-x86_64