CRAN Package Check Results for Package chronicle

Last updated on 2025-11-16 19:49:56 CET.

Flavor Version Tinstall Tcheck Ttotal Status Flags
r-devel-linux-x86_64-debian-clang 0.3 5.09 69.07 74.16 OK
r-devel-linux-x86_64-debian-gcc 0.3 3.35 50.07 53.42 OK
r-devel-linux-x86_64-fedora-clang 0.3 10.00 105.50 115.50 NOTE
r-devel-linux-x86_64-fedora-gcc 0.3 124.45 NOTE
r-devel-windows-x86_64 0.3 7.00 88.00 95.00 OK
r-patched-linux-x86_64 0.3 5.51 65.94 71.45 OK
r-release-linux-x86_64 0.3 4.59 64.78 69.37 OK
r-release-macos-arm64 0.3 2.00 36.00 38.00 OK
r-release-macos-x86_64 0.3 4.00 71.00 75.00 OK
r-release-windows-x86_64 0.3 8.00 86.00 94.00 OK
r-oldrel-macos-arm64 0.3 2.00 40.00 42.00 OK
r-oldrel-macos-x86_64 0.3 3.00 52.00 55.00 OK
r-oldrel-windows-x86_64 0.3 9.00 104.00 113.00 OK

Check Details

Version: 0.3
Check: dependencies in R code
Result: NOTE Namespaces in Imports field not imported from: ‘DT’ ‘dplyr’ ‘prettydoc’ ‘rmdformats’ ‘skimr’ All declared Imports should be used. Flavors: r-devel-linux-x86_64-fedora-clang, r-devel-linux-x86_64-fedora-gcc