CRAN Package Check Results for Package choroplethrMaps

Last updated on 2025-05-07 20:49:40 CEST.

Flavor Version Tinstall Tcheck Ttotal Status Flags
r-devel-linux-x86_64-debian-clang 1.0.1 1.77 20.32 22.09 NOTE
r-devel-linux-x86_64-debian-gcc 1.0.1 1.38 16.82 18.20 NOTE
r-devel-linux-x86_64-fedora-clang 1.0.1 33.86 OK
r-devel-linux-x86_64-fedora-gcc 1.0.1 33.08 OK
r-devel-windows-x86_64 1.0.1 3.00 48.00 51.00 OK
r-patched-linux-x86_64 1.0.1 1.63 19.55 21.18 OK
r-release-linux-x86_64 1.0.1 1.66 19.42 21.08 OK
r-release-macos-arm64 1.0.1 17.00 OK
r-release-macos-x86_64 1.0.1 26.00 OK
r-release-windows-x86_64 1.0.1 3.00 47.00 50.00 OK
r-oldrel-macos-arm64 1.0.1 19.00 OK
r-oldrel-macos-x86_64 1.0.1 26.00 OK
r-oldrel-windows-x86_64 1.0.1 3.00 49.00 52.00 OK

Check Details

Version: 1.0.1
Check: CRAN incoming feasibility
Result: NOTE Maintainer: ‘Ari Lamstein <ari@lamsteinconsulting.com>’ No Authors@R field in DESCRIPTION. Please add one, modifying Authors@R: person(given = "Ari", family = "Lamstein", role = c("aut", "cre"), email = "ari@lamsteinconsulting.com") as necessary. Flavors: r-devel-linux-x86_64-debian-clang, r-devel-linux-x86_64-debian-gcc